{"id":3163,"date":"2026-02-10T12:07:33","date_gmt":"2026-02-10T11:07:33","guid":{"rendered":"https:\/\/sensum.waw.pl\/?page_id=3163"},"modified":"2026-02-10T12:10:35","modified_gmt":"2026-02-10T11:10:35","slug":"anna-twierdzianska","status":"publish","type":"page","link":"https:\/\/sensum.waw.pl\/index.php\/zespol\/anna-twierdzianska\/","title":{"rendered":"Anna Twierdzia\u0144ska"},"content":{"rendered":"<div class=\"fusion-fullwidth fullwidth-box fusion-builder-row-1 fusion-flex-container nonhundred-percent-fullwidth non-hundred-percent-height-scrolling fusion-animated\" style=\"background-color: rgba(255,255,255,0);background-position: center center;background-repeat: no-repeat;border-width: 0px 0px 0px 0px;border-color:#e2e2e2;border-style:solid;\" data-animationType=\"fadeInUp\" data-animationDuration=\"1.2\" data-animationOffset=\"top-into-view\" ><div class=\"fusion-builder-row fusion-row fusion-flex-align-items-flex-start\" style=\"max-width:1365px;margin-left: calc(-5% \/ 2 );margin-right: calc(-5% \/ 2 );\"><div class=\"fusion-layout-column fusion_builder_column fusion-builder-column-0 fusion_builder_column_1_1 1_1 fusion-flex-column\"><div class=\"fusion-column-wrapper fusion-flex-justify-content-flex-start fusion-content-layout-column\" style=\"background-position:left top;background-blend-mode: overlay;background-repeat:no-repeat;-webkit-background-size:cover;-moz-background-size:cover;-o-background-size:cover;background-size:cover;padding: 10px 0px 0px 0px;\"><div class=\"fusion-text fusion-text-1\"><p>Psychoterapeutka wsp\u00f3\u0142pracuj\u0105ca.<\/p>\n<p><strong>Jestem psycholo\u017ck\u0105 oraz specjalistk\u0105 psychoterapii uzale\u017cnie\u0144.<\/strong><\/p>\n<p>Od wielu lat zawodowo zwi\u0105zana jestem z Krajowym Centrum Przeciwdzia\u0142ania Uzale\u017cnieniom, gdzie od blisko 10 lat pe\u0142ni\u0119 funkcj\u0119 koordynatorki Og\u00f3lnopolskiego Telefonu Zaufania Uzale\u017cnienia.<\/p>\n<p>Do\u015bwiadczenie zawodowe zdobywa\u0142am w pracy z osobami doros\u0142ymi w r\u00f3\u017cnych formach pomocy \u2013 w o\u015brodkach stacjonarnych, oddzia\u0142ach dziennych oraz poradniach leczenia uzale\u017cnie\u0144. Pracowa\u0142am zar\u00f3wno w kontakcie indywidualnym, jak i grupowym, towarzysz\u0105c osobom zmagaj\u0105cym si\u0119 z uzale\u017cnieniami oraz ich konsekwencjami emocjonalnymi i relacyjnymi.<\/p>\n<p>W swojej pracy szczeg\u00f3ln\u0105 wag\u0119 przywi\u0105zuj\u0119 do relacji terapeutycznej opartej na poczuciu bezpiecze\u0144stwa, zrozumienia i szacunku dla indywidualnej historii ka\u017cdej osoby. Wierz\u0119, \u017ce proces zdrowienia wymaga czasu, uwa\u017cno\u015bci i stworzenia przestrzeni, w kt\u00f3rej mo\u017cliwe jest stopniowe odzyskiwanie kontaktu ze sob\u0105 oraz w\u0142asnymi zasobami.<\/p>\n<\/div><\/div><style type=\"text\/css\">.fusion-body .fusion-builder-column-0{width:100% !important;margin-top : 0px;margin-bottom : 0px;}.fusion-builder-column-0 > .fusion-column-wrapper {padding-top : 10px !important;padding-right : 0px !important;margin-right : 1.9%;padding-bottom : 0px !important;padding-left : 0px !important;margin-left : 1.9%;}@media only screen and (max-width:1177px) {.fusion-body .fusion-builder-column-0{width:100% !important;}.fusion-builder-column-0 > .fusion-column-wrapper {margin-right : 1.9%;margin-left : 1.9%;}}@media only screen and (max-width:700px) {.fusion-body .fusion-builder-column-0{width:100% !important;}.fusion-builder-column-0 > .fusion-column-wrapper {margin-right : 2.375%;margin-left : 2.375%;}}<\/style><\/div><\/div><style type=\"text\/css\">.fusion-body .fusion-flex-container.fusion-builder-row-1{ padding-top : 2vw;margin-top : 0px;padding-right : 0px;padding-bottom : 7vw;margin-bottom : 0px;padding-left : 0px;}@media only screen and (max-width:700px) {.fusion-body .fusion-flex-container.fusion-builder-row-1{ padding-top : 0px;padding-right : 12vw;padding-bottom : 12vw;padding-left : 12vw;}}<\/style><\/div>\n","protected":false},"excerpt":{"rendered":"","protected":false},"author":1,"featured_media":3165,"parent":2095,"menu_order":0,"comment_status":"closed","ping_status":"closed","template":"100-width.php","meta":{"footnotes":""},"class_list":["post-3163","page","type-page","status-publish","has-post-thumbnail","hentry"],"_links":{"self":[{"href":"https:\/\/sensum.waw.pl\/index.php\/wp-json\/wp\/v2\/pages\/3163","targetHints":{"allow":["GET"]}}],"collection":[{"href":"https:\/\/sensum.waw.pl\/index.php\/wp-json\/wp\/v2\/pages"}],"about":[{"href":"https:\/\/sensum.waw.pl\/index.php\/wp-json\/wp\/v2\/types\/page"}],"author":[{"embeddable":true,"href":"https:\/\/sensum.waw.pl\/index.php\/wp-json\/wp\/v2\/users\/1"}],"replies":[{"embeddable":true,"href":"https:\/\/sensum.waw.pl\/index.php\/wp-json\/wp\/v2\/comments?post=3163"}],"version-history":[{"count":1,"href":"https:\/\/sensum.waw.pl\/index.php\/wp-json\/wp\/v2\/pages\/3163\/revisions"}],"predecessor-version":[{"id":3164,"href":"https:\/\/sensum.waw.pl\/index.php\/wp-json\/wp\/v2\/pages\/3163\/revisions\/3164"}],"up":[{"embeddable":true,"href":"https:\/\/sensum.waw.pl\/index.php\/wp-json\/wp\/v2\/pages\/2095"}],"wp:featuredmedia":[{"embeddable":true,"href":"https:\/\/sensum.waw.pl\/index.php\/wp-json\/wp\/v2\/media\/3165"}],"wp:attachment":[{"href":"https:\/\/sensum.waw.pl\/index.php\/wp-json\/wp\/v2\/media?parent=3163"}],"curies":[{"name":"wp","href":"https:\/\/api.w.org\/{rel}","templated":true}]}}

Anna Twierdziańska

<div class="fusion-fullwidth fullwidth-box fusion-builder-row-1 fusion-flex-container nonhundred-percent-fullwidth non-hundred-percent-height-scrolling fusion-animated" style="background-color: rgba(255,255,255,0);background-position: center center;background-repeat: no-repeat;border-width: 0px 0px 0px 0px;border-color:#e2e2e2;border-style:solid;" data-animationType="fadeInUp" data-animationDuration="1.2" data-animationOffset="top-into-view" ><div class="fusion-builder-row fusion-row fusion-flex-align-items-flex-start" style="max-width:1365px;margin-left: calc(-5% / 2 );margin-right: calc(-5% / 2 );"><div class="fusion-layout-column fusion_builder_column fusion-builder-column-0 fusion_builder_column_1_1 1_1 fusion-flex-column"><div class="fusion-column-wrapper fusion-flex-justify-content-flex-start fusion-content-layout-column" style="background-position:left top;background-blend-mode: overlay;background-repeat:no-repeat;-webkit-background-size:cover;-moz-background-size:cover;-o-background-size:cover;background-size:cover;padding: 10px 0px 0px 0px;"><div class="fusion-text fusion-text-1"><p>Psychoterapeutka współpracująca.</p>
<p><strong>Jestem psycholożką oraz specjalistką psychoterapii uzależnień.</strong></p>
<p>Od wielu lat zawodowo związana jestem z Krajowym Centrum Przeciwdziałania Uzależnieniom, gdzie od blisko 10 lat pełnię funkcję koordynatorki Ogólnopolskiego Telefonu Zaufania Uzależnienia.</p>
<p>Doświadczenie zawodowe zdobywałam w pracy z osobami dorosłymi w różnych formach pomocy – w ośrodkach stacjonarnych, oddziałach dziennych oraz poradniach leczenia uzależnień. Pracowałam zarówno w kontakcie indywidualnym, jak i grupowym, towarzysząc osobom zmagającym się z uzależnieniami oraz ich konsekwencjami emocjonalnymi i relacyjnymi.</p>
<p>W swojej pracy szczególną wagę przywiązuję do relacji terapeutycznej opartej na poczuciu bezpieczeństwa, zrozumienia i szacunku dla indywidualnej historii każdej osoby. Wierzę, że proces zdrowienia wymaga czasu, uważności i stworzenia przestrzeni, w której możliwe jest stopniowe odzyskiwanie kontaktu ze sobą oraz własnymi zasobami.</p>
</div></div><style type="text/css">.fusion-body .fusion-builder-column-0{width:100% !important;margin-top : 0px;margin-bottom : 0px;}.fusion-builder-column-0 > .fusion-column-wrapper {padding-top : 10px !important;padding-right : 0px !important;margin-right : 1.9%;padding-bottom : 0px !important;padding-left : 0px !important;margin-left : 1.9%;}@media only screen and (max-width:1177px) {.fusion-body .fusion-builder-column-0{width:100% !important;}.fusion-builder-column-0 > .fusion-column-wrapper {margin-right : 1.9%;margin-left : 1.9%;}}@media only screen and (max-width:700px) {.fusion-body .fusion-builder-column-0{width:100% !important;}.fusion-builder-column-0 > .fusion-column-wrapper {margin-right : 2.375%;margin-left : 2.375%;}}</style></div></div><style type="text/css">.fusion-body .fusion-flex-container.fusion-builder-row-1{ padding-top : 2vw;margin-top : 0px;padding-right : 0px;padding-bottom : 7vw;margin-bottom : 0px;padding-left : 0px;}@media only screen and (max-width:700px) {.fusion-body .fusion-flex-container.fusion-builder-row-1{ padding-top : 0px;padding-right : 12vw;padding-bottom : 12vw;padding-left : 12vw;}}</style></div>
