{"id":3039,"date":"2025-10-08T18:08:22","date_gmt":"2025-10-08T16:08:22","guid":{"rendered":"https:\/\/sensum.waw.pl\/?page_id=3039"},"modified":"2026-01-20T12:45:51","modified_gmt":"2026-01-20T11:45:51","slug":"olga-kasowska","status":"publish","type":"page","link":"https:\/\/sensum.waw.pl\/index.php\/zespol\/olga-kasowska\/","title":{"rendered":"Olga K\u0105sowska"},"content":{"rendered":"<div class=\"fusion-fullwidth fullwidth-box fusion-builder-row-1 fusion-flex-container nonhundred-percent-fullwidth non-hundred-percent-height-scrolling fusion-animated\" style=\"background-color: rgba(255,255,255,0);background-position: center center;background-repeat: no-repeat;border-width: 0px 0px 0px 0px;border-color:#e2e2e2;border-style:solid;\" data-animationType=\"fadeInUp\" data-animationDuration=\"1.2\" data-animationOffset=\"top-into-view\" ><div class=\"fusion-builder-row fusion-row fusion-flex-align-items-flex-start\" style=\"max-width:1365px;margin-left: calc(-5% \/ 2 );margin-right: calc(-5% \/ 2 );\"><div class=\"fusion-layout-column fusion_builder_column fusion-builder-column-0 fusion_builder_column_1_1 1_1 fusion-flex-column\"><div class=\"fusion-column-wrapper fusion-flex-justify-content-flex-start fusion-content-layout-column\" style=\"background-position:left top;background-blend-mode: overlay;background-repeat:no-repeat;-webkit-background-size:cover;-moz-background-size:cover;-o-background-size:cover;background-size:cover;padding: 10px 0px 0px 0px;\"><div class=\"fusion-text fusion-text-1\"><p>Pracuje w lokalizacji: <strong>Warszawa-Centrum; Warszawa-Bielany.<\/strong><\/p>\n<p><strong>Jestem psychoterapeutk\u0105, specjalistk\u0105 w dziedzinie psychoterapii uzale\u017cnie\u0144.<\/strong><\/p>\n<p>Mam kilkunastoletnie do\u015bwiadczenie zawodowe.<\/p>\n<p>Uko\u0144czy\u0142am akredytowane przez PTP ca\u0142o\u015bciowe szkolenie z zakresu psychoterapii w Instytucie Psychiatrii CM Uniwersytetu Jagiello\u0144skiego w Krakowie, Szko\u0142\u0119 Trener\u00f3w, Studium Terapii Uzale\u017cnie\u0144 i Wsp\u00f3\u0142uzale\u017cnienia przy Instytucie Psychologii Zdrowia w Warszawie, odby\u0142am sta\u017c psychoterapeutyczny w \u00a0Mazowieckim Specjalistycznym Centrum Zdrowia w Pruszkowie. Aktualnie jestem w trakcie szkolenia w O\u015brodku Pomocy i Edukacji Psychologicznej INTRA. Uczestnicz\u0119 regularnie w seminariach, konferencjach, warsztatach poszerzaj\u0105c swoj\u0105 wiedz\u0119, swoj\u0105 prac\u0119 poddaj\u0119 sta\u0142ej superwizji.<\/p>\n<p>Prowadz\u0119 psychoterapi\u0119 indywidulan\u0105 os\u00f3b doros\u0142ych, psychoterapi\u0119 grupow\u0105, warsztaty rozwojowe oraz psychoterapi\u0119 os\u00f3b uzale\u017cnionych i ich bliskich. \u00a0Pracuj\u0119 w nurcie humanistyczno &#8211; do\u015bwiadczeniowym.<\/p>\n<\/div><\/div><style type=\"text\/css\">.fusion-body .fusion-builder-column-0{width:100% !important;margin-top : 0px;margin-bottom : 0px;}.fusion-builder-column-0 > .fusion-column-wrapper {padding-top : 10px !important;padding-right : 0px !important;margin-right : 1.9%;padding-bottom : 0px !important;padding-left : 0px !important;margin-left : 1.9%;}@media only screen and (max-width:1177px) {.fusion-body .fusion-builder-column-0{width:100% !important;order : 0;}.fusion-builder-column-0 > .fusion-column-wrapper {margin-right : 1.9%;margin-left : 1.9%;}}@media only screen and (max-width:700px) {.fusion-body .fusion-builder-column-0{width:100% !important;order : 0;}.fusion-builder-column-0 > .fusion-column-wrapper {margin-right : 2.375%;margin-left : 2.375%;}}<\/style><\/div><\/div><style type=\"text\/css\">.fusion-body .fusion-flex-container.fusion-builder-row-1{ padding-top : 2vw;margin-top : 0px;padding-right : 0px;padding-bottom : 7vw;margin-bottom : 0px;padding-left : 0px;}@media only screen and (max-width:700px) {.fusion-body .fusion-flex-container.fusion-builder-row-1{ padding-top : 0px;padding-right : 12vw;padding-bottom : 12vw;padding-left : 12vw;}}<\/style><\/div>\n","protected":false},"excerpt":{"rendered":"","protected":false},"author":1,"featured_media":3086,"parent":2095,"menu_order":0,"comment_status":"closed","ping_status":"closed","template":"100-width.php","meta":{"footnotes":""},"class_list":["post-3039","page","type-page","status-publish","has-post-thumbnail","hentry"],"_links":{"self":[{"href":"https:\/\/sensum.waw.pl\/index.php\/wp-json\/wp\/v2\/pages\/3039","targetHints":{"allow":["GET"]}}],"collection":[{"href":"https:\/\/sensum.waw.pl\/index.php\/wp-json\/wp\/v2\/pages"}],"about":[{"href":"https:\/\/sensum.waw.pl\/index.php\/wp-json\/wp\/v2\/types\/page"}],"author":[{"embeddable":true,"href":"https:\/\/sensum.waw.pl\/index.php\/wp-json\/wp\/v2\/users\/1"}],"replies":[{"embeddable":true,"href":"https:\/\/sensum.waw.pl\/index.php\/wp-json\/wp\/v2\/comments?post=3039"}],"version-history":[{"count":9,"href":"https:\/\/sensum.waw.pl\/index.php\/wp-json\/wp\/v2\/pages\/3039\/revisions"}],"predecessor-version":[{"id":3152,"href":"https:\/\/sensum.waw.pl\/index.php\/wp-json\/wp\/v2\/pages\/3039\/revisions\/3152"}],"up":[{"embeddable":true,"href":"https:\/\/sensum.waw.pl\/index.php\/wp-json\/wp\/v2\/pages\/2095"}],"wp:featuredmedia":[{"embeddable":true,"href":"https:\/\/sensum.waw.pl\/index.php\/wp-json\/wp\/v2\/media\/3086"}],"wp:attachment":[{"href":"https:\/\/sensum.waw.pl\/index.php\/wp-json\/wp\/v2\/media?parent=3039"}],"curies":[{"name":"wp","href":"https:\/\/api.w.org\/{rel}","templated":true}]}}

Olga Kąsowska

<div class="fusion-fullwidth fullwidth-box fusion-builder-row-1 fusion-flex-container nonhundred-percent-fullwidth non-hundred-percent-height-scrolling fusion-animated" style="background-color: rgba(255,255,255,0);background-position: center center;background-repeat: no-repeat;border-width: 0px 0px 0px 0px;border-color:#e2e2e2;border-style:solid;" data-animationType="fadeInUp" data-animationDuration="1.2" data-animationOffset="top-into-view" ><div class="fusion-builder-row fusion-row fusion-flex-align-items-flex-start" style="max-width:1365px;margin-left: calc(-5% / 2 );margin-right: calc(-5% / 2 );"><div class="fusion-layout-column fusion_builder_column fusion-builder-column-0 fusion_builder_column_1_1 1_1 fusion-flex-column"><div class="fusion-column-wrapper fusion-flex-justify-content-flex-start fusion-content-layout-column" style="background-position:left top;background-blend-mode: overlay;background-repeat:no-repeat;-webkit-background-size:cover;-moz-background-size:cover;-o-background-size:cover;background-size:cover;padding: 10px 0px 0px 0px;"><div class="fusion-text fusion-text-1"><p>Pracuje w lokalizacji: <strong>Warszawa-Centrum; Warszawa-Bielany.</strong></p>
<p><strong>Jestem psychoterapeutką, specjalistką w dziedzinie psychoterapii uzależnień.</strong></p>
<p>Mam kilkunastoletnie doświadczenie zawodowe.</p>
<p>Ukończyłam akredytowane przez PTP całościowe szkolenie z zakresu psychoterapii w Instytucie Psychiatrii CM Uniwersytetu Jagiellońskiego w Krakowie, Szkołę Trenerów, Studium Terapii Uzależnień i Współuzależnienia przy Instytucie Psychologii Zdrowia w Warszawie, odbyłam staż psychoterapeutyczny w  Mazowieckim Specjalistycznym Centrum Zdrowia w Pruszkowie. Aktualnie jestem w trakcie szkolenia w Ośrodku Pomocy i Edukacji Psychologicznej INTRA. Uczestniczę regularnie w seminariach, konferencjach, warsztatach poszerzając swoją wiedzę, swoją pracę poddaję stałej superwizji.</p>
<p>Prowadzę psychoterapię indywidulaną osób dorosłych, psychoterapię grupową, warsztaty rozwojowe oraz psychoterapię osób uzależnionych i ich bliskich.  Pracuję w nurcie humanistyczno &#8211; doświadczeniowym.</p>
</div></div><style type="text/css">.fusion-body .fusion-builder-column-0{width:100% !important;margin-top : 0px;margin-bottom : 0px;}.fusion-builder-column-0 > .fusion-column-wrapper {padding-top : 10px !important;padding-right : 0px !important;margin-right : 1.9%;padding-bottom : 0px !important;padding-left : 0px !important;margin-left : 1.9%;}@media only screen and (max-width:1177px) {.fusion-body .fusion-builder-column-0{width:100% !important;order : 0;}.fusion-builder-column-0 > .fusion-column-wrapper {margin-right : 1.9%;margin-left : 1.9%;}}@media only screen and (max-width:700px) {.fusion-body .fusion-builder-column-0{width:100% !important;order : 0;}.fusion-builder-column-0 > .fusion-column-wrapper {margin-right : 2.375%;margin-left : 2.375%;}}</style></div></div><style type="text/css">.fusion-body .fusion-flex-container.fusion-builder-row-1{ padding-top : 2vw;margin-top : 0px;padding-right : 0px;padding-bottom : 7vw;margin-bottom : 0px;padding-left : 0px;}@media only screen and (max-width:700px) {.fusion-body .fusion-flex-container.fusion-builder-row-1{ padding-top : 0px;padding-right : 12vw;padding-bottom : 12vw;padding-left : 12vw;}}</style></div>
