{"id":2982,"date":"2025-09-24T15:03:55","date_gmt":"2025-09-24T13:03:55","guid":{"rendered":"https:\/\/sensum.waw.pl\/?page_id=2982"},"modified":"2026-03-13T08:10:04","modified_gmt":"2026-03-13T07:10:04","slug":"cennik","status":"publish","type":"page","link":"https:\/\/sensum.waw.pl\/index.php\/cennik\/","title":{"rendered":"Cennik"},"content":{"rendered":"<p><div class=\"fusion-fullwidth fullwidth-box fusion-builder-row-1 fusion-flex-container nonhundred-percent-fullwidth non-hundred-percent-height-scrolling fusion-animated\" style=\"background-color: rgba(255,255,255,0);background-position: center center;background-repeat: no-repeat;border-width: 0px 0px 0px 0px;border-color:#e2e2e2;border-style:solid;\" data-animationType=\"fadeInUp\" data-animationDuration=\"1.2\" data-animationOffset=\"top-into-view\" ><div class=\"fusion-builder-row fusion-row fusion-flex-align-items-flex-start\" style=\"max-width:1365px;margin-left: calc(-5% \/ 2 );margin-right: calc(-5% \/ 2 );\"><div class=\"fusion-layout-column fusion_builder_column fusion-builder-column-0 fusion_builder_column_1_1 1_1 fusion-flex-column\"><div class=\"fusion-column-wrapper fusion-flex-justify-content-flex-start fusion-content-layout-column\" style=\"background-position:left top;background-blend-mode: overlay;background-repeat:no-repeat;-webkit-background-size:cover;-moz-background-size:cover;-o-background-size:cover;background-size:cover;padding: 0px 0px 0px 0px;\">\n<div class=\"table-1\">\n<p>&nbsp;<\/p>\n<table width=\"100%\">\n<thead><\/thead>\n<tbody>\n<tr>\n<td align=\"left\">\n<p><strong>Psychoterapia indywidualna<\/strong><\/p>\n<p><strong>(doro\u015bli, m\u0142odzie\u017c, dzieci)<\/strong><\/p>\n<\/td>\n<td align=\"left\">\n<p><strong>250 z\u0142 (50 min) &#8211; pierwsze 3 konsultacje;<\/strong><\/p>\n<p><strong>220 z\u0142 (50 min) \u2013 kolejne spotkania<\/strong><\/p>\n<\/td>\n<\/tr>\n<tr>\n<td align=\"left\">\n<p><strong>Psychoterapia indywidualna &#8211; terapeuta w szkoleniu<\/strong><\/p>\n<p><strong>(doro\u015bli, m\u0142odzie\u017c, dzieci)<\/strong><\/p>\n<\/td>\n<td align=\"left\">\n<p><strong>230 z\u0142 (50 min) &#8211; pierwsze 3 konsultacje;<\/strong><\/p>\n<p><strong>200 z\u0142 (50 min) \u2013 kolejne spotkania<\/strong><\/p>\n<\/td>\n<\/tr>\n<tr>\n<td align=\"left\"><strong>Psychoterapia par<\/strong><\/td>\n<td align=\"left\">\n<p><strong>380 z\u0142 (50 min) &#8211; pierwsze 3 konsultacje;<\/strong><\/p>\n<p><strong>350 z\u0142 (50 min) &#8211; kolejne spotkania<\/strong><\/p>\n<\/td>\n<\/tr>\n<tr>\n<td align=\"left\"><strong>Psychoterapia rodzin<\/strong><\/td>\n<td align=\"left\">\n<p><strong>430 z\u0142 (60 min) &#8211; pierwsze 3 konsultacje;<\/strong><\/p>\n<p><strong>380 z\u0142 (60 min) &#8211; kolejne spotkania<\/strong><\/p>\n<\/td>\n<\/tr>\n<tr>\n<td align=\"left\"><strong>Psychosomatyka i praca cia\u0142em<\/strong><\/td>\n<td align=\"left\">\n<p><strong>200 z\u0142 (50 min)<\/strong><\/p>\n<p><strong>300 z\u0142 (90 min)<\/strong><\/p>\n<\/td>\n<\/tr>\n<tr>\n<td align=\"left\">\n<p><b>Zaj\u0119cia pracy cia\u0142em dla par<\/b><\/p>\n<\/td>\n<td align=\"left\">\n<p><strong>350 z\u0142 (90 min) \u2013 1 spotkanie\/para;<\/strong><\/p>\n<\/td>\n<\/tr>\n<tr>\n<td align=\"left\">\n<p><strong>Grupa psychoedukacyjna dla rodzin i bliskich <\/strong><strong>os\u00f3b choruj\u0105cych na ChAD<\/strong><\/p>\n<p><strong> (cykl spotka\u0144 02-06.2026 r.)<\/strong><\/p>\n<\/td>\n<td align=\"left\">\n<p><strong>220 z\u0142 (120 min) \u2013 1 spotkanie\/1 osoba;<\/strong><\/p>\n<p><strong>400 z\u0142 (120 min) \u2013 1 spotkanie od pary\/2 osoby z rodziny<\/strong><\/p>\n<\/td>\n<\/tr>\n<\/tbody>\n<\/table>\n<p>&nbsp;<\/p>\n<\/div>\n<div class=\"fusion-text fusion-text-1\"><\/div><div class=\"fusion-text fusion-text-2\"><\/div><\/div><style type=\"text\/css\">.fusion-body .fusion-builder-column-0{width:100% !important;margin-top : 0px;margin-bottom : 0px;}.fusion-builder-column-0 > .fusion-column-wrapper {padding-top : 0px !important;padding-right : 0px !important;margin-right : 1.9%;padding-bottom : 0px !important;padding-left : 0px !important;margin-left : 1.9%;}@media only screen and (max-width:1177px) {.fusion-body .fusion-builder-column-0{width:100% !important;}.fusion-builder-column-0 > .fusion-column-wrapper {margin-right : 1.9%;margin-left : 1.9%;}}@media only screen and (max-width:700px) {.fusion-body .fusion-builder-column-0{width:100% !important;}.fusion-builder-column-0 > .fusion-column-wrapper {margin-right : 2.375%;margin-left : 2.375%;}}<\/style><\/div><\/div><style type=\"text\/css\">.fusion-body .fusion-flex-container.fusion-builder-row-1{ padding-top : 2vw;margin-top : 0px;padding-right : 0px;padding-bottom : 7vw;margin-bottom : 0px;padding-left : 0px;}@media only screen and (max-width:700px) {.fusion-body .fusion-flex-container.fusion-builder-row-1{ padding-top : 0px;padding-right : 12vw;padding-bottom : 12vw;padding-left : 12vw;}}<\/style><\/div><div class=\"fusion-fullwidth fullwidth-box fusion-builder-row-2 fusion-flex-container nonhundred-percent-fullwidth non-hundred-percent-height-scrolling fusion-animated\" style=\"background-color: rgba(255,255,255,0);background-position: center center;background-repeat: no-repeat;border-width: 0px 0px 0px 0px;border-color:#e2e2e2;border-style:solid;\" data-animationType=\"fadeInUp\" data-animationDuration=\"1.2\" data-animationOffset=\"top-into-view\" ><div class=\"fusion-builder-row fusion-row fusion-flex-align-items-flex-start\" style=\"max-width:1365px;margin-left: calc(-5% \/ 2 );margin-right: calc(-5% \/ 2 );\"><\/div><style type=\"text\/css\">.fusion-body .fusion-flex-container.fusion-builder-row-2{ padding-top : 2vw;margin-top : 0px;padding-right : 0px;padding-bottom : 7vw;margin-bottom : 0px;padding-left : 0px;}@media only screen and (max-width:700px) {.fusion-body .fusion-flex-container.fusion-builder-row-2{ padding-top : 0px;padding-right : 12vw;padding-bottom : 12vw;padding-left : 12vw;}}<\/style><\/div><div class=\"fusion-fullwidth fullwidth-box fusion-builder-row-3 fusion-flex-container fusion-parallax-fixed nonhundred-percent-fullwidth non-hundred-percent-height-scrolling lazyload\" style=\"background-color: rgba(255,255,255,0);background-image:linear-gradient(90deg, rgba(1,43,127,0.46) 0%,rgba(255,255,255,0) 78%);background-position: center top;background-repeat: no-repeat;border-width: 0px 0px 0px 0px;border-color:#e2e2e2;border-style:solid;-webkit-background-size:cover;-moz-background-size:cover;-o-background-size:cover;background-size:cover;background-attachment:fixed;\" data-bg=\"https:\/\/sensum.waw.pl\/wp-content\/uploads\/2021\/10\/sensum-psychoterapia-scaled.jpg\" data-bg-gradient=\"linear-gradient(90deg, rgba(1,43,127,0.46) 0%,rgba(255,255,255,0) 78%)\" ><div class=\"fusion-builder-row fusion-row fusion-flex-align-items-center\" style=\"max-width:1365px;margin-left: calc(-5% \/ 2 );margin-right: calc(-5% \/ 2 );\"><div class=\"fusion-layout-column fusion_builder_column fusion-builder-column-1 fusion_builder_column_1_1 1_1 fusion-flex-column fusion-animated\" data-animationType=\"fadeInLeft\" data-animationDuration=\"1.0\" data-animationOffset=\"top-into-view\"><div class=\"fusion-column-wrapper fusion-flex-justify-content-center fusion-content-layout-column\" style=\"background-position:left top;background-repeat:no-repeat;-webkit-background-size:cover;-moz-background-size:cover;-o-background-size:cover;background-size:cover;padding: 0px 0px 0px 0px;\"><style type=\"text\/css\">@media only screen and (max-width:1177px) {.fusion-title.fusion-title-1{margin-top:10px!important; margin-right:0px!important;margin-bottom:1.5vw!important;margin-left:0px!important;}}@media only screen and (max-width:700px) {.fusion-title.fusion-title-1{margin-top:10px!important; margin-right:0px!important;margin-bottom:40px!important; margin-left:0px!important;}}<\/style><div class=\"fusion-title title fusion-title-1 fusion-no-small-visibility fusion-no-medium-visibility fusion-sep-none fusion-title-text fusion-title-size-two\" style=\"font-size:62px;margin-top:10px;margin-right:0px;margin-bottom:1.5vw;margin-left:0px;\"><h2 class=\"title-heading-left\" style=\"margin:0;font-size:1em;color:#ffffff;line-height:1.2;\"><\/h2><\/div><style type=\"text\/css\">@media only screen and (max-width:1177px) {.fusion-title.fusion-title-2{margin-top:10px!important; margin-right:0px!important;margin-bottom:1.5vw!important;margin-left:0px!important;}}@media only screen and (max-width:700px) {.fusion-title.fusion-title-2{margin-top:10px!important; margin-right:0px!important;margin-bottom:40px!important; margin-left:0px!important;}}<\/style><div class=\"fusion-title title fusion-title-2 fusion-no-large-visibility fusion-sep-none fusion-title-text fusion-title-size-two\" style=\"font-size:42px;margin-top:10px;margin-right:0px;margin-bottom:1.5vw;margin-left:0px;\"><h2 class=\"title-heading-left\" style=\"margin:0;font-size:1em;color:#ffffff;line-height:1.2;\"><p style=\"text-align: center;\">\u201cOur wounds are often the openings into the best and most beautiful part of us.\u201d<\/p><\/h2><\/div><div class=\"fusion-text fusion-text-3\" style=\"font-size:21px;color:#ffffff;\"><p style=\"width: 75%; text-align: center;\">Zapisy: <a href=\"tel:+48506666777\">+48 506 666 777<\/a><\/p>\n<p style=\"width: 75%; text-align: center;\">Poniedzia\u0142ek-pi\u0105tek w godz. 9-17<\/p>\n<\/div><\/div><style type=\"text\/css\">.fusion-body .fusion-builder-column-1{width:100% !important;margin-top : 0px;margin-bottom : 0px;}.fusion-builder-column-1 > .fusion-column-wrapper {padding-top : 0px !important;padding-right : 0px !important;margin-right : 2.375%;padding-bottom : 0px !important;padding-left : 0px !important;margin-left : 2.375%;}@media only screen and (max-width:1177px) {.fusion-body .fusion-builder-column-1{width:100% !important;}.fusion-builder-column-1 > .fusion-column-wrapper {margin-right : 2.375%;margin-left : 2.375%;}}@media only screen and (max-width:700px) {.fusion-body .fusion-builder-column-1{width:100% !important;}.fusion-builder-column-1 > .fusion-column-wrapper {margin-right : 2.375%;margin-left : 2.375%;}}<\/style><\/div><\/div><style type=\"text\/css\">.fusion-body .fusion-flex-container.fusion-builder-row-3{ padding-top : 8vw;margin-top : 0px;padding-right : 0px;padding-bottom : 8vw;margin-bottom : 0px;padding-left : 0px;}@media only screen and (max-width:700px) {.fusion-body .fusion-flex-container.fusion-builder-row-3{ padding-top : 12vw;padding-bottom : 12vw;}}<\/style><\/div><\/p>\n","protected":false},"excerpt":{"rendered":"","protected":false},"author":1,"featured_media":1968,"parent":0,"menu_order":0,"comment_status":"closed","ping_status":"closed","template":"100-width.php","meta":{"footnotes":""},"class_list":["post-2982","page","type-page","status-publish","has-post-thumbnail","hentry"],"_links":{"self":[{"href":"https:\/\/sensum.waw.pl\/index.php\/wp-json\/wp\/v2\/pages\/2982","targetHints":{"allow":["GET"]}}],"collection":[{"href":"https:\/\/sensum.waw.pl\/index.php\/wp-json\/wp\/v2\/pages"}],"about":[{"href":"https:\/\/sensum.waw.pl\/index.php\/wp-json\/wp\/v2\/types\/page"}],"author":[{"embeddable":true,"href":"https:\/\/sensum.waw.pl\/index.php\/wp-json\/wp\/v2\/users\/1"}],"replies":[{"embeddable":true,"href":"https:\/\/sensum.waw.pl\/index.php\/wp-json\/wp\/v2\/comments?post=2982"}],"version-history":[{"count":36,"href":"https:\/\/sensum.waw.pl\/index.php\/wp-json\/wp\/v2\/pages\/2982\/revisions"}],"predecessor-version":[{"id":3220,"href":"https:\/\/sensum.waw.pl\/index.php\/wp-json\/wp\/v2\/pages\/2982\/revisions\/3220"}],"wp:featuredmedia":[{"embeddable":true,"href":"https:\/\/sensum.waw.pl\/index.php\/wp-json\/wp\/v2\/media\/1968"}],"wp:attachment":[{"href":"https:\/\/sensum.waw.pl\/index.php\/wp-json\/wp\/v2\/media?parent=2982"}],"curies":[{"name":"wp","href":"https:\/\/api.w.org\/{rel}","templated":true}]}}