{"id":2960,"date":"2025-09-01T13:48:54","date_gmt":"2025-09-01T11:48:54","guid":{"rendered":"https:\/\/sensum.waw.pl\/?page_id=2960"},"modified":"2026-01-20T12:44:25","modified_gmt":"2026-01-20T11:44:25","slug":"katarzyna_piorkowska","status":"publish","type":"page","link":"https:\/\/sensum.waw.pl\/index.php\/zespol\/katarzyna_piorkowska\/","title":{"rendered":"Katarzyna Pi\u00f3rkowska"},"content":{"rendered":"<div class=\"fusion-fullwidth fullwidth-box fusion-builder-row-1 fusion-flex-container nonhundred-percent-fullwidth non-hundred-percent-height-scrolling fusion-animated\" style=\"background-color: rgba(255,255,255,0);background-position: center center;background-repeat: no-repeat;border-width: 0px 0px 0px 0px;border-color:#e2e2e2;border-style:solid;\" data-animationType=\"fadeInUp\" data-animationDuration=\"1.2\" data-animationOffset=\"top-into-view\" ><div class=\"fusion-builder-row fusion-row fusion-flex-align-items-flex-start\" style=\"max-width:1365px;margin-left: calc(-5% \/ 2 );margin-right: calc(-5% \/ 2 );\"><div class=\"fusion-layout-column fusion_builder_column fusion-builder-column-0 fusion_builder_column_1_1 1_1 fusion-flex-column\"><div class=\"fusion-column-wrapper fusion-flex-justify-content-flex-start fusion-content-layout-column\" style=\"background-position:left top;background-blend-mode: overlay;background-repeat:no-repeat;-webkit-background-size:cover;-moz-background-size:cover;-o-background-size:cover;background-size:cover;padding: 10px 0px 0px 0px;\"><div class=\"fusion-text fusion-text-1\"><p>Pracuje w lokalizacji:<strong>\u00a0Warszawa-Bielany.<\/strong><\/p>\n<p><strong>Jestem psychoterapeutk\u0105 w trakcie 4-letniego szkolenia (4 rok) w Szkole Psychoterapii DIALOG, opartego na podej\u015bciu integracyjnym, kt\u00f3rego osi\u0105 jest, istotny w moim sposobie patrzenia na cz\u0142owieka, nurt systemowy.<\/strong><\/p>\n<p>Uko\u0144czy\u0142am te\u017c psychologi\u0119 na Uniwersytecie SWPS i filologi\u0119 polsk\u0105 na Uniwersytecie Warszawskim.<\/p>\n<p>Mam 20-letnie do\u015bwiadczenie w pracy z m\u0142odzie\u017c\u0105 i ich rodzicami jako nauczyciel i dyrektor liceum. Swoje pierwsze kroki jako psychoterapeutka stawia\u0142am w Stowarzyszeniu ASLAN O\u015brodku Pomocy Psychologicznej Rodzinie w Warszawie, a tak\u017ce w ramach sta\u017cy na oddzia\u0142ach Kliniki Nerwic, Zaburze\u0144 Osobowo\u015bci i Od\u017cywiania w Instytucie Psychiatrii i Neurologii w Warszawie. Mam do\u015bwiadczenie pracy w formie indywidualnej i grupowej.<\/p>\n<p>W pracy terapeutycznej stawiam na autentyczno\u015b\u0107, uwa\u017cno\u015b\u0107 i zaufanie. To droga do lepszego rozumienia siebie.<\/p>\n<p>Swoj\u0105 prac\u0119 poddaj\u0119 regularnej superwizji.<\/p>\n<\/div><\/div><style type=\"text\/css\">.fusion-body .fusion-builder-column-0{width:100% !important;margin-top : 0px;margin-bottom : 0px;}.fusion-builder-column-0 > .fusion-column-wrapper {padding-top : 10px !important;padding-right : 0px !important;margin-right : 1.9%;padding-bottom : 0px !important;padding-left : 0px !important;margin-left : 1.9%;}@media only screen and (max-width:1177px) {.fusion-body .fusion-builder-column-0{width:100% !important;}.fusion-builder-column-0 > .fusion-column-wrapper {margin-right : 1.9%;margin-left : 1.9%;}}@media only screen and (max-width:700px) {.fusion-body .fusion-builder-column-0{width:100% !important;}.fusion-builder-column-0 > .fusion-column-wrapper {margin-right : 2.375%;margin-left : 2.375%;}}<\/style><\/div><\/div><style type=\"text\/css\">.fusion-body .fusion-flex-container.fusion-builder-row-1{ padding-top : 2vw;margin-top : 0px;padding-right : 0px;padding-bottom : 7vw;margin-bottom : 0px;padding-left : 0px;}@media only screen and (max-width:700px) {.fusion-body .fusion-flex-container.fusion-builder-row-1{ padding-top : 0px;padding-right : 12vw;padding-bottom : 12vw;padding-left : 12vw;}}<\/style><\/div>\n","protected":false},"excerpt":{"rendered":"","protected":false},"author":1,"featured_media":2962,"parent":2095,"menu_order":0,"comment_status":"closed","ping_status":"closed","template":"100-width.php","meta":{"footnotes":""},"class_list":["post-2960","page","type-page","status-publish","has-post-thumbnail","hentry"],"_links":{"self":[{"href":"https:\/\/sensum.waw.pl\/index.php\/wp-json\/wp\/v2\/pages\/2960","targetHints":{"allow":["GET"]}}],"collection":[{"href":"https:\/\/sensum.waw.pl\/index.php\/wp-json\/wp\/v2\/pages"}],"about":[{"href":"https:\/\/sensum.waw.pl\/index.php\/wp-json\/wp\/v2\/types\/page"}],"author":[{"embeddable":true,"href":"https:\/\/sensum.waw.pl\/index.php\/wp-json\/wp\/v2\/users\/1"}],"replies":[{"embeddable":true,"href":"https:\/\/sensum.waw.pl\/index.php\/wp-json\/wp\/v2\/comments?post=2960"}],"version-history":[{"count":3,"href":"https:\/\/sensum.waw.pl\/index.php\/wp-json\/wp\/v2\/pages\/2960\/revisions"}],"predecessor-version":[{"id":3149,"href":"https:\/\/sensum.waw.pl\/index.php\/wp-json\/wp\/v2\/pages\/2960\/revisions\/3149"}],"up":[{"embeddable":true,"href":"https:\/\/sensum.waw.pl\/index.php\/wp-json\/wp\/v2\/pages\/2095"}],"wp:featuredmedia":[{"embeddable":true,"href":"https:\/\/sensum.waw.pl\/index.php\/wp-json\/wp\/v2\/media\/2962"}],"wp:attachment":[{"href":"https:\/\/sensum.waw.pl\/index.php\/wp-json\/wp\/v2\/media?parent=2960"}],"curies":[{"name":"wp","href":"https:\/\/api.w.org\/{rel}","templated":true}]}}

Katarzyna Piórkowska

<div class="fusion-fullwidth fullwidth-box fusion-builder-row-1 fusion-flex-container nonhundred-percent-fullwidth non-hundred-percent-height-scrolling fusion-animated" style="background-color: rgba(255,255,255,0);background-position: center center;background-repeat: no-repeat;border-width: 0px 0px 0px 0px;border-color:#e2e2e2;border-style:solid;" data-animationType="fadeInUp" data-animationDuration="1.2" data-animationOffset="top-into-view" ><div class="fusion-builder-row fusion-row fusion-flex-align-items-flex-start" style="max-width:1365px;margin-left: calc(-5% / 2 );margin-right: calc(-5% / 2 );"><div class="fusion-layout-column fusion_builder_column fusion-builder-column-0 fusion_builder_column_1_1 1_1 fusion-flex-column"><div class="fusion-column-wrapper fusion-flex-justify-content-flex-start fusion-content-layout-column" style="background-position:left top;background-blend-mode: overlay;background-repeat:no-repeat;-webkit-background-size:cover;-moz-background-size:cover;-o-background-size:cover;background-size:cover;padding: 10px 0px 0px 0px;"><div class="fusion-text fusion-text-1"><p>Pracuje w lokalizacji:<strong> Warszawa-Bielany.</strong></p>
<p><strong>Jestem psychoterapeutką w trakcie 4-letniego szkolenia (4 rok) w Szkole Psychoterapii DIALOG, opartego na podejściu integracyjnym, którego osią jest, istotny w moim sposobie patrzenia na człowieka, nurt systemowy.</strong></p>
<p>Ukończyłam też psychologię na Uniwersytecie SWPS i filologię polską na Uniwersytecie Warszawskim.</p>
<p>Mam 20-letnie doświadczenie w pracy z młodzieżą i ich rodzicami jako nauczyciel i dyrektor liceum. Swoje pierwsze kroki jako psychoterapeutka stawiałam w Stowarzyszeniu ASLAN Ośrodku Pomocy Psychologicznej Rodzinie w Warszawie, a także w ramach staży na oddziałach Kliniki Nerwic, Zaburzeń Osobowości i Odżywiania w Instytucie Psychiatrii i Neurologii w Warszawie. Mam doświadczenie pracy w formie indywidualnej i grupowej.</p>
<p>W pracy terapeutycznej stawiam na autentyczność, uważność i zaufanie. To droga do lepszego rozumienia siebie.</p>
<p>Swoją pracę poddaję regularnej superwizji.</p>
</div></div><style type="text/css">.fusion-body .fusion-builder-column-0{width:100% !important;margin-top : 0px;margin-bottom : 0px;}.fusion-builder-column-0 > .fusion-column-wrapper {padding-top : 10px !important;padding-right : 0px !important;margin-right : 1.9%;padding-bottom : 0px !important;padding-left : 0px !important;margin-left : 1.9%;}@media only screen and (max-width:1177px) {.fusion-body .fusion-builder-column-0{width:100% !important;}.fusion-builder-column-0 > .fusion-column-wrapper {margin-right : 1.9%;margin-left : 1.9%;}}@media only screen and (max-width:700px) {.fusion-body .fusion-builder-column-0{width:100% !important;}.fusion-builder-column-0 > .fusion-column-wrapper {margin-right : 2.375%;margin-left : 2.375%;}}</style></div></div><style type="text/css">.fusion-body .fusion-flex-container.fusion-builder-row-1{ padding-top : 2vw;margin-top : 0px;padding-right : 0px;padding-bottom : 7vw;margin-bottom : 0px;padding-left : 0px;}@media only screen and (max-width:700px) {.fusion-body .fusion-flex-container.fusion-builder-row-1{ padding-top : 0px;padding-right : 12vw;padding-bottom : 12vw;padding-left : 12vw;}}</style></div>
