{"id":2866,"date":"2024-11-13T10:21:34","date_gmt":"2024-11-13T09:21:34","guid":{"rendered":"https:\/\/sensum.waw.pl\/?page_id=2866"},"modified":"2026-01-20T12:44:01","modified_gmt":"2026-01-20T11:44:01","slug":"katarzyna-muszynska","status":"publish","type":"page","link":"https:\/\/sensum.waw.pl\/index.php\/zespol\/katarzyna-muszynska\/","title":{"rendered":"Katarzyna Muszy\u0144ska"},"content":{"rendered":"<div class=\"fusion-fullwidth fullwidth-box fusion-builder-row-1 fusion-flex-container nonhundred-percent-fullwidth non-hundred-percent-height-scrolling fusion-animated\" style=\"background-color: rgba(255,255,255,0);background-position: center center;background-repeat: no-repeat;border-width: 0px 0px 0px 0px;border-color:#e2e2e2;border-style:solid;\" data-animationType=\"fadeInUp\" data-animationDuration=\"1.2\" data-animationOffset=\"top-into-view\" ><div class=\"fusion-builder-row fusion-row fusion-flex-align-items-flex-start\" style=\"max-width:1365px;margin-left: calc(-5% \/ 2 );margin-right: calc(-5% \/ 2 );\"><div class=\"fusion-layout-column fusion_builder_column fusion-builder-column-0 fusion_builder_column_1_1 1_1 fusion-flex-column\"><div class=\"fusion-column-wrapper fusion-flex-justify-content-flex-start fusion-content-layout-column\" style=\"background-position:left top;background-blend-mode: overlay;background-repeat:no-repeat;-webkit-background-size:cover;-moz-background-size:cover;-o-background-size:cover;background-size:cover;padding: 10px 0px 0px 0px;\"><div class=\"fusion-text fusion-text-1\"><p>Pracuje w lokalizacji: <strong>Warszawa-Rado\u015b\u0107.<\/strong><\/p>\n<p><strong>Jestem psychoterapeutk\u0105 w trakcie certyfikacji. Uko\u0144czy\u0142am czteroletnie szkolenie psychoterapeutyczne w certyfikowanej Szkole Psychoterapii DIALOG.<\/strong><\/p>\n<p>Moja droga zawodowa do pomagania innym, rozpocz\u0119\u0142a si\u0119 9 lat temu w Fundacji Joanny Radziwi\u0142\u0142 Opieku\u0144cze Skrzyd\u0142a, wspieraj\u0105cej dzieci i m\u0142odzie\u017c w najtrudniejszych sytuacjach \u017cyciowych. Poprzez dzia\u0142ania w sektorze NGO pozna\u0142am problemy os\u00f3b potrzebuj\u0105cych wsparcia i przekona\u0142am si\u0119 jak wiele jest mo\u017cliwych dr\u00f3g do zmiany swojego \u017cycia na takie, jakim chcemy je widzie\u0107.<\/p>\n<p>W spotkaniach terapeutycznych integruj\u0119 r\u00f3\u017cne metody pracy, szczeg\u00f3lnie bliskie mi jest my\u015blenie systemowe oraz koncentracja na zasobach i potencjale do korzystnych dla siebie zmian jakie ma ka\u017cda osoba.<\/p>\n<p>Moje umiej\u0119tno\u015bci istotnie pomog\u0142y mi rozwin\u0105\u0107 szkolenia w obszarze terapii Gestalt i Terapii Skoncentrowanej na Rozwi\u0105zaniach: Program Pomocy Psychologicznej w Instytucie Integralnej Psychoterapii Gestalt i kursy w obszarze Terapii Skoncentrowanej na Rozwi\u0105zaniach w Centrum Terapii Skoncentrowanej na Rozwi\u0105zaniach.<\/p>\n<p>Jestem tak\u017ce absolwentk\u0105 pedagogiki i zarz\u0105dzania na Uniwersytecie Warszawskim oraz studentk\u0105 5 roku studi\u00f3w psychologicznych.<\/p>\n<\/div><\/div><style type=\"text\/css\">.fusion-body .fusion-builder-column-0{width:100% !important;margin-top : 0px;margin-bottom : 0px;}.fusion-builder-column-0 > .fusion-column-wrapper {padding-top : 10px !important;padding-right : 0px !important;margin-right : 1.9%;padding-bottom : 0px !important;padding-left : 0px !important;margin-left : 1.9%;}@media only screen and (max-width:1177px) {.fusion-body .fusion-builder-column-0{width:100% !important;}.fusion-builder-column-0 > .fusion-column-wrapper {margin-right : 1.9%;margin-left : 1.9%;}}@media only screen and (max-width:700px) {.fusion-body .fusion-builder-column-0{width:100% !important;}.fusion-builder-column-0 > .fusion-column-wrapper {margin-right : 2.375%;margin-left : 2.375%;}}<\/style><\/div><\/div><style type=\"text\/css\">.fusion-body .fusion-flex-container.fusion-builder-row-1{ padding-top : 2vw;margin-top : 0px;padding-right : 0px;padding-bottom : 7vw;margin-bottom : 0px;padding-left : 0px;}@media only screen and (max-width:700px) {.fusion-body .fusion-flex-container.fusion-builder-row-1{ padding-top : 0px;padding-right : 12vw;padding-bottom : 12vw;padding-left : 12vw;}}<\/style><\/div>\n","protected":false},"excerpt":{"rendered":"","protected":false},"author":1,"featured_media":2870,"parent":2095,"menu_order":0,"comment_status":"closed","ping_status":"closed","template":"100-width.php","meta":{"footnotes":""},"class_list":["post-2866","page","type-page","status-publish","has-post-thumbnail","hentry"],"_links":{"self":[{"href":"https:\/\/sensum.waw.pl\/index.php\/wp-json\/wp\/v2\/pages\/2866","targetHints":{"allow":["GET"]}}],"collection":[{"href":"https:\/\/sensum.waw.pl\/index.php\/wp-json\/wp\/v2\/pages"}],"about":[{"href":"https:\/\/sensum.waw.pl\/index.php\/wp-json\/wp\/v2\/types\/page"}],"author":[{"embeddable":true,"href":"https:\/\/sensum.waw.pl\/index.php\/wp-json\/wp\/v2\/users\/1"}],"replies":[{"embeddable":true,"href":"https:\/\/sensum.waw.pl\/index.php\/wp-json\/wp\/v2\/comments?post=2866"}],"version-history":[{"count":5,"href":"https:\/\/sensum.waw.pl\/index.php\/wp-json\/wp\/v2\/pages\/2866\/revisions"}],"predecessor-version":[{"id":3148,"href":"https:\/\/sensum.waw.pl\/index.php\/wp-json\/wp\/v2\/pages\/2866\/revisions\/3148"}],"up":[{"embeddable":true,"href":"https:\/\/sensum.waw.pl\/index.php\/wp-json\/wp\/v2\/pages\/2095"}],"wp:featuredmedia":[{"embeddable":true,"href":"https:\/\/sensum.waw.pl\/index.php\/wp-json\/wp\/v2\/media\/2870"}],"wp:attachment":[{"href":"https:\/\/sensum.waw.pl\/index.php\/wp-json\/wp\/v2\/media?parent=2866"}],"curies":[{"name":"wp","href":"https:\/\/api.w.org\/{rel}","templated":true}]}}

Katarzyna Muszyńska

<div class="fusion-fullwidth fullwidth-box fusion-builder-row-1 fusion-flex-container nonhundred-percent-fullwidth non-hundred-percent-height-scrolling fusion-animated" style="background-color: rgba(255,255,255,0);background-position: center center;background-repeat: no-repeat;border-width: 0px 0px 0px 0px;border-color:#e2e2e2;border-style:solid;" data-animationType="fadeInUp" data-animationDuration="1.2" data-animationOffset="top-into-view" ><div class="fusion-builder-row fusion-row fusion-flex-align-items-flex-start" style="max-width:1365px;margin-left: calc(-5% / 2 );margin-right: calc(-5% / 2 );"><div class="fusion-layout-column fusion_builder_column fusion-builder-column-0 fusion_builder_column_1_1 1_1 fusion-flex-column"><div class="fusion-column-wrapper fusion-flex-justify-content-flex-start fusion-content-layout-column" style="background-position:left top;background-blend-mode: overlay;background-repeat:no-repeat;-webkit-background-size:cover;-moz-background-size:cover;-o-background-size:cover;background-size:cover;padding: 10px 0px 0px 0px;"><div class="fusion-text fusion-text-1"><p>Pracuje w lokalizacji: <strong>Warszawa-Radość.</strong></p>
<p><strong>Jestem psychoterapeutką w trakcie certyfikacji. Ukończyłam czteroletnie szkolenie psychoterapeutyczne w certyfikowanej Szkole Psychoterapii DIALOG.</strong></p>
<p>Moja droga zawodowa do pomagania innym, rozpoczęła się 9 lat temu w Fundacji Joanny Radziwiłł Opiekuńcze Skrzydła, wspierającej dzieci i młodzież w najtrudniejszych sytuacjach życiowych. Poprzez działania w sektorze NGO poznałam problemy osób potrzebujących wsparcia i przekonałam się jak wiele jest możliwych dróg do zmiany swojego życia na takie, jakim chcemy je widzieć.</p>
<p>W spotkaniach terapeutycznych integruję różne metody pracy, szczególnie bliskie mi jest myślenie systemowe oraz koncentracja na zasobach i potencjale do korzystnych dla siebie zmian jakie ma każda osoba.</p>
<p>Moje umiejętności istotnie pomogły mi rozwinąć szkolenia w obszarze terapii Gestalt i Terapii Skoncentrowanej na Rozwiązaniach: Program Pomocy Psychologicznej w Instytucie Integralnej Psychoterapii Gestalt i kursy w obszarze Terapii Skoncentrowanej na Rozwiązaniach w Centrum Terapii Skoncentrowanej na Rozwiązaniach.</p>
<p>Jestem także absolwentką pedagogiki i zarządzania na Uniwersytecie Warszawskim oraz studentką 5 roku studiów psychologicznych.</p>
</div></div><style type="text/css">.fusion-body .fusion-builder-column-0{width:100% !important;margin-top : 0px;margin-bottom : 0px;}.fusion-builder-column-0 > .fusion-column-wrapper {padding-top : 10px !important;padding-right : 0px !important;margin-right : 1.9%;padding-bottom : 0px !important;padding-left : 0px !important;margin-left : 1.9%;}@media only screen and (max-width:1177px) {.fusion-body .fusion-builder-column-0{width:100% !important;}.fusion-builder-column-0 > .fusion-column-wrapper {margin-right : 1.9%;margin-left : 1.9%;}}@media only screen and (max-width:700px) {.fusion-body .fusion-builder-column-0{width:100% !important;}.fusion-builder-column-0 > .fusion-column-wrapper {margin-right : 2.375%;margin-left : 2.375%;}}</style></div></div><style type="text/css">.fusion-body .fusion-flex-container.fusion-builder-row-1{ padding-top : 2vw;margin-top : 0px;padding-right : 0px;padding-bottom : 7vw;margin-bottom : 0px;padding-left : 0px;}@media only screen and (max-width:700px) {.fusion-body .fusion-flex-container.fusion-builder-row-1{ padding-top : 0px;padding-right : 12vw;padding-bottom : 12vw;padding-left : 12vw;}}</style></div>
