{"id":2687,"date":"2023-07-03T08:28:05","date_gmt":"2023-07-03T06:28:05","guid":{"rendered":"https:\/\/sensum.waw.pl\/?page_id=2687"},"modified":"2026-03-04T15:00:50","modified_gmt":"2026-03-04T14:00:50","slug":"warsztaty-tu-i-teraz","status":"publish","type":"page","link":"https:\/\/sensum.waw.pl\/index.php\/warsztaty-tu-i-teraz\/","title":{"rendered":"Seminarium &#8222;Perspektywa egzystencjalna w psychoterapii&#8221;"},"content":{"rendered":"<p><div class=\"fusion-fullwidth fullwidth-box fusion-builder-row-1 fusion-flex-container nonhundred-percent-fullwidth non-hundred-percent-height-scrolling\" style=\"background-color: rgba(255,255,255,0);background-position: center center;background-repeat: no-repeat;border-width: 0px 0px 0px 0px;border-color:#e2e2e2;border-style:solid;\" ><div class=\"fusion-builder-row fusion-row fusion-flex-align-items-stretch\" style=\"max-width:1365px;margin-left: calc(-5% \/ 2 );margin-right: calc(-5% \/ 2 );\"><div class=\"fusion-layout-column fusion_builder_column fusion-builder-column-0 fusion_builder_column_1_1 1_1 fusion-flex-column fusion-flex-align-self-flex-start fusion-column-inner-bg-wrapper fusion-animated\" data-animationType=\"fadeInUp\" data-animationDuration=\"1.0\" data-animationOffset=\"top-into-view\"><div class=\"fusion-column-wrapper fusion-flex-justify-content-center fusion-content-layout-column\" style=\"border-radius:6px 6px 6px 6px;overflow:hidden;padding: 4vw 4vw 6vw 4vw;\"><style type=\"text\/css\">@media only screen and (max-width:1177px) {.fusion-title.fusion-title-1{margin-top:10px!important; margin-right:0px!important;margin-bottom:15px!important;margin-left:0px!important;}}@media only screen and (max-width:700px) {.fusion-title.fusion-title-1{margin-top:10px!important; margin-right:0px!important;margin-bottom:10px!important; margin-left:0px!important;}}<\/style><div class=\"fusion-title title fusion-title-1 fusion-sep-none fusion-title-center fusion-title-text fusion-title-size-two\" style=\"margin-top:10px;margin-right:0px;margin-bottom:15px;margin-left:0px;\"><h2 class=\"title-heading-center\" style=\"margin:0;color:#3d3d3d;\"><\/h2><\/div><style type=\"text\/css\">#accordion-2687-1 .fusion-panel:hover, #accordion-2687-1 .fusion-panel.hover{ background-color: #f9f9fb } #accordion-2687-1 .fusion-panel { border-color:#e2e2e2; border-width:0px; background-color:#ffffff; }.fusion-accordian  #accordion-2687-1 .panel-title a .fa-fusion-box{ color: #ffffff;}.fusion-accordian  #accordion-2687-1 .panel-title a .fa-fusion-box:before{ font-size: 13px; width: 13px;}.fusion-accordian  #accordion-2687-1 .panel-title a{font-size:28px;}.fusion-accordian  #accordion-2687-1 .fa-fusion-box { background-color: #212934;border-color: #212934;}.fusion-accordian  #accordion-2687-1 .panel-title a:hover, #accordion-2687-1 .fusion-toggle-boxed-mode:hover .panel-title a { color: #012b7f;}.fusion-accordian  #accordion-2687-1 .panel-title .active .fa-fusion-box,.fusion-accordian  #accordion-2687-1 .panel-title a:hover .fa-fusion-box { background-color: #012b7f!important;border-color: #012b7f!important;}<\/style><div class=\"accordian fusion-accordian\"><div class=\"panel-group\" id=\"accordion-2687-1\"><div class=\"fusion-panel panel-default fusion-toggle-no-divider fusion-toggle-boxed-mode\"><div class=\"panel-heading\"><h4 class=\"panel-title toggle\"><a class=\"active\" aria-expanded=\"true\" aria-controls=\"bc6c81f3b057bee43\" role=\"button\" data-toggle=\"collapse\" data-parent=\"#accordion-2687-1\" data-target=\"#bc6c81f3b057bee43\" href=\"#bc6c81f3b057bee43\"><span class=\"fusion-toggle-icon-wrapper\" aria-hidden=\"true\"><i class=\"fa-fusion-box\" aria-hidden=\"true\"><\/i><\/span><span class=\"fusion-toggle-heading\"><\/span><\/a><\/h4><\/div><div id=\"bc6c81f3b057bee43\" class=\"panel-collapse collapse in\"><div class=\"panel-body toggle-content fusion-clearfix\">\n<div class=\"x11i5rnm xat24cr x1mh8g0r x1vvkbs xtlvy1s\">\n<div class=\"x11i5rnm xat24cr x1mh8g0r x1vvkbs xtlvy1s\">\n<p><b> 2025 &#8211; II edycja<\/b><\/p>\n<p><b>Prowadzi Ireneusz Kaczmarczyk <\/b><span style=\"color: var(--body_typography-color); font-family: var(--body_typography-font-family); font-size: var(--body_typography-font-size); font-style: var(--body_typography-font-style,normal); font-weight: var(--body_typography-font-weight); letter-spacing: var(--body_typography-letter-spacing);\">&#8211; doktor socjologii, psychoterapeuta (INTRA, FOT, EFT), superwizor grupowego treningu (PTP), specjalista w dziedzinie psychoterapii uzale\u017cnie\u0144 (CEM), superwizor psychoterapii uzale\u017cnie\u0144 (KCPU, RSPU). www.ireneusz-kaczmarczyk.pl).<\/span><\/p>\n<p><span style=\"color: var(--body_typography-color); font-family: var(--body_typography-font-family); font-size: var(--body_typography-font-size); font-style: var(--body_typography-font-style,normal); font-weight: var(--body_typography-font-weight); letter-spacing: var(--body_typography-letter-spacing);\">Dramat ludzkiej egzystencji polega na tym, \u017ce dane z istnienia (ograniczenia) odbieraj\u0105 poczucie sprawczo\u015bci i nadzieje na spe\u0142nienie. Potrzeba wewn\u0119trznej sp\u00f3jno\u015bci daje stale o sobie zna\u0107. Po czym j\u0105 rozpozna\u0107? Czy istnieje jaki\u015b klucz, kt\u00f3rym mo\u017cna uruchomi\u0107 proces zmiany? Egzystencjalno &#8211; do\u015bwiadczeniowa perspektywa psychoterapii przybli\u017ca nas do odpowiedzi na te pytania.<\/span><\/p>\n<p>Seminarium opiera si\u0119 na teoriach terapii opartych na znaczeniu, relacyjnej g\u0142\u0119bi, neuronauce (M. Cooper, G. Gendlin, Schore, Siegel i inn.) a tak\u017ce w\u0142asnej praktyce oraz naszych klinicznych do\u015bwiadczeniach. Transdiagnostyczne spojrzenie pozwala lepiej rozumie\u0107 cz\u0142owieka stoj\u0105cego wobec wyzwa\u0144 w\u0142asnej egzystencji, budowa\u0107 przymierze, integrowa\u0107 r\u00f3\u017cne metody i techniki pomagania. Uczestnicy seminarium otrzymaj\u0105 autorskie materia\u0142y pomocne w konceptualizacji problem\u00f3w klient\u00f3w w szerszej, egzystencjalnej perspektywie.<\/p>\n<\/div>\n<div class=\"x11i5rnm xat24cr x1mh8g0r x1vvkbs xtlvy1s\">Zapraszam psychoterapeut\u00f3w zainteresowanych egzystencjalnym wymiarem psychoterapii. Liczba miejsc ograniczona &#8211; grupa 10\/12 os\u00f3b.<\/div>\n<p><strong style=\"color: var(--body_typography-color); font-family: var(--body_typography-font-family); font-size: var(--body_typography-font-size); font-style: var(--body_typography-font-style,normal); letter-spacing: var(--body_typography-letter-spacing);\">\u00a0<\/strong><\/p>\n<p><strong style=\"color: var(--body_typography-color); font-family: var(--body_typography-font-family); font-size: var(--body_typography-font-size); font-style: var(--body_typography-font-style,normal); letter-spacing: var(--body_typography-letter-spacing);\">Termin:<\/strong> <span style=\"color: var(--body_typography-color); font-family: var(--body_typography-font-family); font-size: var(--body_typography-font-size); font-style: var(--body_typography-font-style,normal); font-weight: var(--body_typography-font-weight); letter-spacing: var(--body_typography-letter-spacing);\">25-26 stycznia i <\/span><span style=\"color: var(--body_typography-color); font-family: var(--body_typography-font-family); font-size: var(--body_typography-font-size); font-style: var(--body_typography-font-style,normal); font-weight: var(--body_typography-font-weight); letter-spacing: var(--body_typography-letter-spacing);\">15-16 lutego 2025 r. <\/span><\/p>\n<p><span style=\"color: var(--body_typography-color); font-family: var(--body_typography-font-family); font-size: var(--body_typography-font-size); font-style: var(--body_typography-font-style,normal); font-weight: var(--body_typography-font-weight); letter-spacing: var(--body_typography-letter-spacing);\">W godzinach <\/span><span style=\"color: var(--body_typography-color); font-family: var(--body_typography-font-family); font-size: var(--body_typography-font-size); font-style: var(--body_typography-font-style,normal); letter-spacing: var(--body_typography-letter-spacing);\"><b>sobota: 9:00 &#8211; 18:00<\/b><\/span><span style=\"color: var(--body_typography-color); font-family: var(--body_typography-font-family); font-size: var(--body_typography-font-size); font-style: var(--body_typography-font-style,normal); font-weight: var(--body_typography-font-weight); letter-spacing: var(--body_typography-letter-spacing);\"> (8 godz.+1 godz. przerwy),<\/span><span style=\"color: var(--body_typography-color); font-family: var(--body_typography-font-family); font-size: var(--body_typography-font-size); font-style: var(--body_typography-font-style,normal); letter-spacing: var(--body_typography-letter-spacing);\"><b> niedziela 9:00 &#8211; 13:00<\/b><\/span><span style=\"color: var(--body_typography-color); font-family: var(--body_typography-font-family); font-size: var(--body_typography-font-size); font-style: var(--body_typography-font-style,normal); font-weight: var(--body_typography-font-weight); letter-spacing: var(--body_typography-letter-spacing);\"> (4 godz.).<\/span><\/p>\n<p><strong>Cena:<\/strong> 1580 z\u0142<\/p>\n<p><b>Miejsce: <\/b>Sensum Rado\u015b\u0107, ul. Or\u0142owskiego 45 lok.2 (Warszawa)<\/p>\n<p><strong>Je\u015bli chcesz zapisa\u0107 si\u0119 na seminarium prosimy o kontakt: tel.: 506 666 777, email: gabinet@pomoc-psycholog.pl<\/strong><\/p>\n<\/div>\n<\/div><\/div><\/div><\/div><\/div><style type=\"text\/css\">#accordion-2687-2 .fusion-panel:hover, #accordion-2687-2 .fusion-panel.hover{ background-color: #f9f9fb } #accordion-2687-2 .fusion-panel { border-color:#e2e2e2; border-width:0px; background-color:#ffffff; }.fusion-accordian  #accordion-2687-2 .panel-title a .fa-fusion-box{ color: #ffffff;}.fusion-accordian  #accordion-2687-2 .panel-title a .fa-fusion-box:before{ font-size: 13px; width: 13px;}.fusion-accordian  #accordion-2687-2 .panel-title a{font-size:28px;}.fusion-accordian  #accordion-2687-2 .fa-fusion-box { background-color: #212934;border-color: #212934;}.fusion-accordian  #accordion-2687-2 .panel-title a:hover, #accordion-2687-2 .fusion-toggle-boxed-mode:hover .panel-title a { color: #012b7f;}.fusion-accordian  #accordion-2687-2 .panel-title .active .fa-fusion-box,.fusion-accordian  #accordion-2687-2 .panel-title a:hover .fa-fusion-box { background-color: #012b7f!important;border-color: #012b7f!important;}<\/style><div class=\"accordian fusion-accordian\"><div class=\"panel-group\" id=\"accordion-2687-2\"><div class=\"fusion-panel panel-default fusion-toggle-no-divider fusion-toggle-boxed-mode\"><div class=\"panel-heading\"><h4 class=\"panel-title toggle\"><a class=\"active\" aria-expanded=\"true\" aria-controls=\"fcedb28f2e7523634\" role=\"button\" data-toggle=\"collapse\" data-parent=\"#accordion-2687-2\" data-target=\"#fcedb28f2e7523634\" href=\"#fcedb28f2e7523634\"><span class=\"fusion-toggle-icon-wrapper\" aria-hidden=\"true\"><i class=\"fa-fusion-box\" aria-hidden=\"true\"><\/i><\/span><span class=\"fusion-toggle-heading\"><\/span><\/a><\/h4><\/div><div id=\"fcedb28f2e7523634\" class=\"panel-collapse collapse in\"><div class=\"panel-body toggle-content fusion-clearfix\">\n<div class=\"x11i5rnm xat24cr x1mh8g0r x1vvkbs xtlvy1s\">\n<p><b> 2024 &#8211; I edycja<\/b><\/p>\n<\/div>\n<div class=\"x11i5rnm xat24cr x1mh8g0r x1vvkbs xtlvy1s\">Proces aktualizacji &#8211; je\u015bli rozumie\u0107 go jako przenikanie tego, co stanowi istot\u0119 cz\u0142owieka (esencja), z tym co ogranicza jego mo\u017cliwo\u015bci (egzystencja) &#8211; trwa nieprzerwanie. Dramat \u017cycia polega cz\u0119sto na tym, \u017ce ograniczenia napotykane w \u201etu i teraz\u201d odbieraj\u0105 nadziej\u0119 na wolno\u015b\u0107 i spe\u0142nienie. Potrzeba wewn\u0119trznej sp\u00f3jno\u015bci jednak daje stale o sobie zna\u0107. Czy istnieje jaki\u015b klucz, kt\u00f3ry uruchamia proces zmiany? Czy cz\u0142owiek ostatecznie mo\u017ce przezwyci\u0119\u017cy\u0107 roz\u0142am mi\u0119dzy wolno\u015bci\u0105 a ograniczeniami?<\/div>\n<div><\/div>\n<div class=\"x11i5rnm xat24cr x1mh8g0r x1vvkbs xtlvy1s\">Egzystencjalna perspektywa psychoterapii, czerpi\u0105c z filozofii i psychoterapii skoncentrowanej na osobie, przybli\u017ca ten proces.<\/div>\n<div class=\"x11i5rnm xat24cr x1mh8g0r x1vvkbs xtlvy1s\">Jak konceptualizowa\u0107 problemy egzystencjalne klient\u00f3w; rozumie\u0107 i r\u00f3\u017cnicowa\u0107 cierpienie wynikaj\u0105ce z \u017cyciowego zagubienia, utraty poczucia wolno\u015bci i sensu, to\u017csamo\u015bci? Jak spojrze\u0107 na to cierpienie z perspektywy klinicznej, bior\u0105c pod uwag\u0119 traumatyczne i graniczne do\u015bwiadczenia? Przed jakim wyzwaniem stoi terapeuta w obliczu tak rozumianej psychoterapii? Na te w\u0142a\u015bnie pytania b\u0119dziemy szuka\u0107 odpowiedzi w trakcie seminarium superwizyjnego.<\/div>\n<div><\/div>\n<div class=\"x11i5rnm xat24cr x1mh8g0r x1vvkbs xtlvy1s\">Seminarium opiera si\u0119 na klinicznych przypadkach i teorii (Tillich, May, Rogers, Gendlin, w odwo\u0142aniu do neuronauki) oraz naszych w\u0142asnych do\u015bwiadczeniach. Uczestnicy otrzymaj\u0105 autorskie materia\u0142y pomocne w konceptualizacji problem\u00f3w klient\u00f3w w szerszej, egzystencjalnej perspektywie.<br \/>\nZapraszam psychoterapeut\u00f3w zainteresowanych egzystencjalnym wymiarem psychoterapii. Liczba miejsc ograniczona &#8211; grupa 10\/12 os\u00f3b.<\/div>\n<p><strong>Termin:<\/strong>\u00a013-14 stycznia i 10-11 lutego 2024 r. W godzinach sobota: 9:00 &#8211; 18:00, niedziela 9:00 &#8211; 13:00.<\/p>\n<p><strong>Cena:<\/strong>\u00a01140 z\u0142<\/p>\n<p><strong>Je\u015bli chcesz zapisa\u0107 si\u0119 na seminarium prosimy o kontakt: tel.: 506 666 777, email: gabinet@pomoc-psycholog.pl<\/strong><\/p>\n<\/div><\/div><\/div><\/div><\/div><\/div><span class=\"fusion-column-inner-bg hover-type-zoomin\" style=\"overflow:hidden;border-radius:6px 6px 6px 6px;;\"><span class=\"fusion-column-anchor\"><span class=\"fusion-column-inner-bg-image\" style=\"background-color:rgba(216,216,216,0.1);background-position:left top;background-repeat:no-repeat;-webkit-background-size:cover;-moz-background-size:cover;-o-background-size:cover;background-size:cover;border-radius:6px 6px 6px 6px;\"><\/span><\/span><\/span><style type=\"text\/css\">.fusion-body .fusion-builder-column-0{width:100% !important;margin-top : 0px;margin-bottom : 0px;}.fusion-builder-column-0 > .fusion-column-wrapper {padding-top : 4vw !important;padding-right : 4vw !important;margin-right : 2.375%;padding-bottom : 6vw !important;padding-left : 4vw !important;margin-left : 2.375%;}.fusion-flex-container .fusion-row .fusion-builder-column-0 > .fusion-column-inner-bg { margin-right:2.375%;margin-left:2.375%; }@media only screen and (max-width:1177px) {.fusion-body .fusion-builder-column-0{width:50% !important;order : 0;}.fusion-builder-column-0 > .fusion-column-wrapper {margin-right : 4.75%;margin-left : 4.75%;}.fusion-flex-container .fusion-row .fusion-builder-column-0 > .fusion-column-inner-bg { margin-right:4.75%;margin-left:4.75%; }}@media only screen and (max-width:700px) {.fusion-body .fusion-builder-column-0{width:100% !important;order : 0;margin-bottom : 6vw;}.fusion-builder-column-0 > .fusion-column-wrapper {padding-top : 9vw !important;padding-right : 4vw !important;margin-right : 2.375%;padding-bottom : 9vw !important;padding-left : 4vw !important;margin-left : 2.375%;}.fusion-flex-container .fusion-row .fusion-builder-column-0 > .fusion-column-inner-bg { margin-right:2.375%;margin-left:2.375%; }}<\/style><\/div><\/div><style type=\"text\/css\">.fusion-body .fusion-flex-container.fusion-builder-row-1{ padding-top : 5vw;margin-top : 0px;padding-right : 0px;padding-bottom : 5vw;margin-bottom : 0px;padding-left : 0px;}<\/style><\/div><div class=\"fusion-fullwidth fullwidth-box fusion-builder-row-2 fusion-flex-container hundred-percent-fullwidth non-hundred-percent-height-scrolling\" style=\"background-color: rgba(255,255,255,0);background-position: center center;background-repeat: no-repeat;border-width: 0px 0px 0px 0px;border-color:#e8efef;border-style:solid;\" ><div class=\"fusion-builder-row fusion-row fusion-flex-align-items-stretch\" style=\"width:calc( 100% + 0px ) !important;max-width:calc( 100% + 0px ) !important;margin-left: calc(-0px \/ 2 );margin-right: calc(-0px \/ 2 );\"><div class=\"fusion-layout-column fusion_builder_column fusion-builder-column-1 fusion_builder_column_1_2 1_2 fusion-flex-column\"><div class=\"fusion-column-wrapper lazyload fusion-flex-justify-content-flex-start fusion-content-layout-column fusion-empty-column-bg-image fusion-empty-dims-bg-image\" style=\"background-position:center center;background-repeat:no-repeat;-webkit-background-size:cover;-moz-background-size:cover;-o-background-size:cover;background-size:cover;padding: 0px 0px 0px 0px;\" data-bg-url=\"https:\/\/sensum.waw.pl\/new\/wp-content\/uploads\/2021\/10\/image_6483441-800x589.jpg\" data-bg=\"https:\/\/sensum.waw.pl\/new\/wp-content\/uploads\/2021\/10\/image_6483441-800x589.jpg\"><img decoding=\"async\" class=\"fusion-empty-dims-img-placeholder fusion-no-large-visibility fusion-no-medium-visibility\" src=\"data:image\/gif;base64,R0lGODlhAQABAAAAACH5BAEKAAEALAAAAAABAAEAAAICTAEAOw==\"><\/div><style type=\"text\/css\">.fusion-body .fusion-builder-column-1{width:50% !important;margin-top : 0px;margin-bottom : 0px;}.fusion-builder-column-1 > .fusion-column-wrapper {padding-top : 0px !important;padding-right : 0px !important;margin-right : 0;padding-bottom : 0px !important;padding-left : 0px !important;margin-left : 0;}@media only screen and (max-width:1177px) {.fusion-body .fusion-builder-column-1{width:50% !important;order : 0;}.fusion-builder-column-1 > .fusion-column-wrapper {margin-right : 0;margin-left : 0;}}@media only screen and (min-width:1177px) {.fusion-body .fusion-builder-column-1 .fusion-empty-dims-img-placeholder { display: none; } }@media only screen and (max-width:700px) {.fusion-body .fusion-builder-column-1{width:100% !important;order : 0;}.fusion-builder-column-1 > .fusion-column-wrapper {margin-right : 0;margin-left : 0;}}<\/style><\/div><\/div><style type=\"text\/css\">.fusion-body .fusion-flex-container.fusion-builder-row-2{ padding-top : 0px;margin-top : 0px;padding-right : 0px;padding-bottom : 0px;margin-bottom : 0px;padding-left : 0px;}<\/style><\/div><\/p>\n","protected":false},"excerpt":{"rendered":"","protected":false},"author":1,"featured_media":2035,"parent":0,"menu_order":0,"comment_status":"closed","ping_status":"closed","template":"100-width.php","meta":{"footnotes":""},"class_list":["post-2687","page","type-page","status-publish","has-post-thumbnail","hentry"],"_links":{"self":[{"href":"https:\/\/sensum.waw.pl\/index.php\/wp-json\/wp\/v2\/pages\/2687","targetHints":{"allow":["GET"]}}],"collection":[{"href":"https:\/\/sensum.waw.pl\/index.php\/wp-json\/wp\/v2\/pages"}],"about":[{"href":"https:\/\/sensum.waw.pl\/index.php\/wp-json\/wp\/v2\/types\/page"}],"author":[{"embeddable":true,"href":"https:\/\/sensum.waw.pl\/index.php\/wp-json\/wp\/v2\/users\/1"}],"replies":[{"embeddable":true,"href":"https:\/\/sensum.waw.pl\/index.php\/wp-json\/wp\/v2\/comments?post=2687"}],"version-history":[{"count":20,"href":"https:\/\/sensum.waw.pl\/index.php\/wp-json\/wp\/v2\/pages\/2687\/revisions"}],"predecessor-version":[{"id":3209,"href":"https:\/\/sensum.waw.pl\/index.php\/wp-json\/wp\/v2\/pages\/2687\/revisions\/3209"}],"wp:featuredmedia":[{"embeddable":true,"href":"https:\/\/sensum.waw.pl\/index.php\/wp-json\/wp\/v2\/media\/2035"}],"wp:attachment":[{"href":"https:\/\/sensum.waw.pl\/index.php\/wp-json\/wp\/v2\/media?parent=2687"}],"curies":[{"name":"wp","href":"https:\/\/api.w.org\/{rel}","templated":true}]}}