{"id":2400,"date":"2022-01-25T09:40:09","date_gmt":"2022-01-25T08:40:09","guid":{"rendered":"http:\/\/sensum.waw.pl\/?page_id=2400"},"modified":"2026-01-20T12:40:59","modified_gmt":"2026-01-20T11:40:59","slug":"anna-osowska-bielinska","status":"publish","type":"page","link":"https:\/\/sensum.waw.pl\/index.php\/zespol\/anna-osowska-bielinska\/","title":{"rendered":"Anna Osowska-Bieli\u0144ska"},"content":{"rendered":"<div class=\"fusion-fullwidth fullwidth-box fusion-builder-row-1 fusion-flex-container nonhundred-percent-fullwidth non-hundred-percent-height-scrolling fusion-animated\" style=\"background-color: rgba(255,255,255,0);background-position: center center;background-repeat: no-repeat;border-width: 0px 0px 0px 0px;border-color:#e2e2e2;border-style:solid;\" data-animationType=\"fadeInUp\" data-animationDuration=\"1.2\" data-animationOffset=\"top-into-view\" ><div class=\"fusion-builder-row fusion-row fusion-flex-align-items-flex-start\" style=\"max-width:1365px;margin-left: calc(-5% \/ 2 );margin-right: calc(-5% \/ 2 );\"><div class=\"fusion-layout-column fusion_builder_column fusion-builder-column-0 fusion_builder_column_1_1 1_1 fusion-flex-column\"><div class=\"fusion-column-wrapper fusion-flex-justify-content-flex-start fusion-content-layout-column\" style=\"background-position:left top;background-blend-mode: overlay;background-repeat:no-repeat;-webkit-background-size:cover;-moz-background-size:cover;-o-background-size:cover;background-size:cover;padding: 10px 0px 0px 0px;\"><div class=\"fusion-text fusion-text-1\"><p>Pracuje w lokalizacji: <strong>Warszawa-Rado\u015b\u0107.\u00a0\u00a0<\/strong><\/p>\n<p><strong>Jestem psychoterapeutk\u0105, absolwentk\u0105 Wydzia\u0142u Psychologii oraz Instytutu Stosowanych Nauk Spo\u0142ecznych Uniwersytetu Warszawskiego, doktorem psychologii.<\/strong> Uko\u0144czy\u0142am, prowadzone przez Stowarzyszenie OPTA, czteroletnie Studium Terapii Rodziny, przygotowuj\u0105ce do pracy terapeutycznej zar\u00f3wno z rodzinami, jak i z pacjentami indywidualnymi. Odby\u0142am szkolenie w Szkole Trener\u00f3w Treningu i Warsztatu Psychologicznego Moniki Sowickiej. Do\u015bwiadczenie w obszarze udzielania pomocy psychologicznej zdobywa\u0142am m.in. na XIV Oddziale leczenia Nerwic i Depresji w Komorowie oraz w Mazowieckim Centrum Neuropsychiatrii, w tym w Poradni Zdrowia Psychicznego dla Dzieci i M\u0142odzie\u017cy w J\u00f3zefowie. Przeprowadzi\u0142am r\u00f3wnie\u017c szereg warsztat\u00f3w umi\u0119tno\u015bci psychospo\u0142ecznych. Nale\u017c\u0119 do Polskiego Towarzystwa Psychologicznego, swoj\u0105 prac\u0119 poddaj\u0119\u00a0 systematycznej superwizji u certyfikowanego superwizora PTP. W pracy terapeutycznej \u0142\u0105cz\u0119 podej\u015bcie psychodynamiczne z podej\u015bciem systemowym.<\/p>\n<p>W SENSUM pomagam m\u0142odzie\u017cy i osobom doros\u0142ym, cierpi\u0105cym z powodu trudno\u015bci w relacjach, niskiego poczucia w\u0142asnej warto\u015bci, problem\u00f3w emocjonalnych , maj\u0105cym poczucie, \u017ce nie radz\u0105 sobie w \u017cyciu czy nie korzystaj\u0105 z swoich mo\u017cliwo\u015bci. Pracuj\u0119 r\u00f3wnie\u017c z rodzinami, kt\u00f3re prze\u017cywaj\u0105 kryzysy, nie mog\u0105 si\u0119 porozumie\u0107, do\u015bwiadczaj\u0105 konflikt\u00f3w, zmagaj\u0105 si\u0119 z problemami jednego ze swoich cz\u0142onk\u00f3w. W trakcie psychoterapii pomagam pacjentom w rozpoznawaniu i rozumieniu ich uczu\u0107, wzor\u00f3w zachowania i relacji oraz sposob\u00f3w ich my\u015blenia o sobie i innych, wspieram pacjent\u00f3w w uczeniu si\u0119, jak dobrze radzi\u0107 soie z tym, na co nie maj\u0105 wp\u0142ywu oraz w dokonywaniu zmian tego, co mog\u0105 i pragn\u0105 zmieni\u0107.<\/p>\n<\/div><\/div><style type=\"text\/css\">.fusion-body .fusion-builder-column-0{width:100% !important;margin-top : 0px;margin-bottom : 0px;}.fusion-builder-column-0 > .fusion-column-wrapper {padding-top : 10px !important;padding-right : 0px !important;margin-right : 1.9%;padding-bottom : 0px !important;padding-left : 0px !important;margin-left : 1.9%;}@media only screen and (max-width:1177px) {.fusion-body .fusion-builder-column-0{width:100% !important;}.fusion-builder-column-0 > .fusion-column-wrapper {margin-right : 1.9%;margin-left : 1.9%;}}@media only screen and (max-width:700px) {.fusion-body .fusion-builder-column-0{width:100% !important;}.fusion-builder-column-0 > .fusion-column-wrapper {margin-right : 2.375%;margin-left : 2.375%;}}<\/style><\/div><\/div><style type=\"text\/css\">.fusion-body .fusion-flex-container.fusion-builder-row-1{ padding-top : 2vw;margin-top : 0px;padding-right : 0px;padding-bottom : 7vw;margin-bottom : 0px;padding-left : 0px;}@media only screen and (max-width:700px) {.fusion-body .fusion-flex-container.fusion-builder-row-1{ padding-top : 0px;padding-right : 12vw;padding-bottom : 12vw;padding-left : 12vw;}}<\/style><\/div>\n","protected":false},"excerpt":{"rendered":"","protected":false},"author":1,"featured_media":2217,"parent":2095,"menu_order":0,"comment_status":"closed","ping_status":"closed","template":"100-width.php","meta":{"footnotes":""},"class_list":["post-2400","page","type-page","status-publish","has-post-thumbnail","hentry"],"_links":{"self":[{"href":"https:\/\/sensum.waw.pl\/index.php\/wp-json\/wp\/v2\/pages\/2400","targetHints":{"allow":["GET"]}}],"collection":[{"href":"https:\/\/sensum.waw.pl\/index.php\/wp-json\/wp\/v2\/pages"}],"about":[{"href":"https:\/\/sensum.waw.pl\/index.php\/wp-json\/wp\/v2\/types\/page"}],"author":[{"embeddable":true,"href":"https:\/\/sensum.waw.pl\/index.php\/wp-json\/wp\/v2\/users\/1"}],"replies":[{"embeddable":true,"href":"https:\/\/sensum.waw.pl\/index.php\/wp-json\/wp\/v2\/comments?post=2400"}],"version-history":[{"count":7,"href":"https:\/\/sensum.waw.pl\/index.php\/wp-json\/wp\/v2\/pages\/2400\/revisions"}],"predecessor-version":[{"id":3141,"href":"https:\/\/sensum.waw.pl\/index.php\/wp-json\/wp\/v2\/pages\/2400\/revisions\/3141"}],"up":[{"embeddable":true,"href":"https:\/\/sensum.waw.pl\/index.php\/wp-json\/wp\/v2\/pages\/2095"}],"wp:featuredmedia":[{"embeddable":true,"href":"https:\/\/sensum.waw.pl\/index.php\/wp-json\/wp\/v2\/media\/2217"}],"wp:attachment":[{"href":"https:\/\/sensum.waw.pl\/index.php\/wp-json\/wp\/v2\/media?parent=2400"}],"curies":[{"name":"wp","href":"https:\/\/api.w.org\/{rel}","templated":true}]}}

Anna Osowska-Bielińska

<div class="fusion-fullwidth fullwidth-box fusion-builder-row-1 fusion-flex-container nonhundred-percent-fullwidth non-hundred-percent-height-scrolling fusion-animated" style="background-color: rgba(255,255,255,0);background-position: center center;background-repeat: no-repeat;border-width: 0px 0px 0px 0px;border-color:#e2e2e2;border-style:solid;" data-animationType="fadeInUp" data-animationDuration="1.2" data-animationOffset="top-into-view" ><div class="fusion-builder-row fusion-row fusion-flex-align-items-flex-start" style="max-width:1365px;margin-left: calc(-5% / 2 );margin-right: calc(-5% / 2 );"><div class="fusion-layout-column fusion_builder_column fusion-builder-column-0 fusion_builder_column_1_1 1_1 fusion-flex-column"><div class="fusion-column-wrapper fusion-flex-justify-content-flex-start fusion-content-layout-column" style="background-position:left top;background-blend-mode: overlay;background-repeat:no-repeat;-webkit-background-size:cover;-moz-background-size:cover;-o-background-size:cover;background-size:cover;padding: 10px 0px 0px 0px;"><div class="fusion-text fusion-text-1"><p>Pracuje w lokalizacji: <strong>Warszawa-Radość.  </strong></p>
<p><strong>Jestem psychoterapeutką, absolwentką Wydziału Psychologii oraz Instytutu Stosowanych Nauk Społecznych Uniwersytetu Warszawskiego, doktorem psychologii.</strong> Ukończyłam, prowadzone przez Stowarzyszenie OPTA, czteroletnie Studium Terapii Rodziny, przygotowujące do pracy terapeutycznej zarówno z rodzinami, jak i z pacjentami indywidualnymi. Odbyłam szkolenie w Szkole Trenerów Treningu i Warsztatu Psychologicznego Moniki Sowickiej. Doświadczenie w obszarze udzielania pomocy psychologicznej zdobywałam m.in. na XIV Oddziale leczenia Nerwic i Depresji w Komorowie oraz w Mazowieckim Centrum Neuropsychiatrii, w tym w Poradni Zdrowia Psychicznego dla Dzieci i Młodzieży w Józefowie. Przeprowadziłam również szereg warsztatów umiętności psychospołecznych. Należę do Polskiego Towarzystwa Psychologicznego, swoją pracę poddaję  systematycznej superwizji u certyfikowanego superwizora PTP. W pracy terapeutycznej łączę podejście psychodynamiczne z podejściem systemowym.</p>
<p>W SENSUM pomagam młodzieży i osobom dorosłym, cierpiącym z powodu trudności w relacjach, niskiego poczucia własnej wartości, problemów emocjonalnych , mającym poczucie, że nie radzą sobie w życiu czy nie korzystają z swoich możliwości. Pracuję również z rodzinami, które przeżywają kryzysy, nie mogą się porozumieć, doświadczają konfliktów, zmagają się z problemami jednego ze swoich członków. W trakcie psychoterapii pomagam pacjentom w rozpoznawaniu i rozumieniu ich uczuć, wzorów zachowania i relacji oraz sposobów ich myślenia o sobie i innych, wspieram pacjentów w uczeniu się, jak dobrze radzić soie z tym, na co nie mają wpływu oraz w dokonywaniu zmian tego, co mogą i pragną zmienić.</p>
</div></div><style type="text/css">.fusion-body .fusion-builder-column-0{width:100% !important;margin-top : 0px;margin-bottom : 0px;}.fusion-builder-column-0 > .fusion-column-wrapper {padding-top : 10px !important;padding-right : 0px !important;margin-right : 1.9%;padding-bottom : 0px !important;padding-left : 0px !important;margin-left : 1.9%;}@media only screen and (max-width:1177px) {.fusion-body .fusion-builder-column-0{width:100% !important;}.fusion-builder-column-0 > .fusion-column-wrapper {margin-right : 1.9%;margin-left : 1.9%;}}@media only screen and (max-width:700px) {.fusion-body .fusion-builder-column-0{width:100% !important;}.fusion-builder-column-0 > .fusion-column-wrapper {margin-right : 2.375%;margin-left : 2.375%;}}</style></div></div><style type="text/css">.fusion-body .fusion-flex-container.fusion-builder-row-1{ padding-top : 2vw;margin-top : 0px;padding-right : 0px;padding-bottom : 7vw;margin-bottom : 0px;padding-left : 0px;}@media only screen and (max-width:700px) {.fusion-body .fusion-flex-container.fusion-builder-row-1{ padding-top : 0px;padding-right : 12vw;padding-bottom : 12vw;padding-left : 12vw;}}</style></div>
