{"id":2392,"date":"2022-01-25T09:12:51","date_gmt":"2022-01-25T08:12:51","guid":{"rendered":"http:\/\/sensum.waw.pl\/?page_id=2392"},"modified":"2026-01-20T12:41:50","modified_gmt":"2026-01-20T11:41:50","slug":"ireneusz-kaczmarczyk","status":"publish","type":"page","link":"https:\/\/sensum.waw.pl\/index.php\/zespol\/ireneusz-kaczmarczyk\/","title":{"rendered":"Ireneusz Kaczmarczyk"},"content":{"rendered":"<div class=\"fusion-fullwidth fullwidth-box fusion-builder-row-1 fusion-flex-container nonhundred-percent-fullwidth non-hundred-percent-height-scrolling fusion-animated\" style=\"background-color: rgba(255,255,255,0);background-position: center center;background-repeat: no-repeat;border-width: 0px 0px 0px 0px;border-color:#e2e2e2;border-style:solid;\" data-animationType=\"fadeInUp\" data-animationDuration=\"1.2\" data-animationOffset=\"top-into-view\" ><div class=\"fusion-builder-row fusion-row fusion-flex-align-items-flex-start\" style=\"max-width:1365px;margin-left: calc(-5% \/ 2 );margin-right: calc(-5% \/ 2 );\"><div class=\"fusion-layout-column fusion_builder_column fusion-builder-column-0 fusion_builder_column_1_1 1_1 fusion-flex-column\"><div class=\"fusion-column-wrapper fusion-flex-justify-content-flex-start fusion-content-layout-column\" style=\"background-position:left top;background-blend-mode: overlay;background-repeat:no-repeat;-webkit-background-size:cover;-moz-background-size:cover;-o-background-size:cover;background-size:cover;padding: 10px 0px 0px 0px;\"><div class=\"fusion-text fusion-text-1\"><p>Pracuje w lokalizacji: <strong>Warszawa-Centrum; Warszawa-Bielany.<\/strong><\/p>\n<p><strong>Jestem psychoterapeut\u0105 i superwizorem.<\/strong><br \/>\n<b><\/b><\/p>\n<p>Prowadz\u0119 terapi\u0119 w egzystencjalnej perspektywie. Konsultuj\u0119 osoby z problemem uzale\u017cnienia. Prowadz\u0119 superwizje indywidualne i zespo\u0142\u00f3w, treningi interpersonalne, terapeutyczne, ucz\u0119 warsztatu w szko\u0142ach psychoterapii.<\/p>\n<p>Kieruj\u0119 pismem pt. \u201eTerapia Os\u00f3b Uzale\u017cnionych i ich Bliskich\u201d. Jako poeta opublikowa\u0142em dziewi\u0119\u0107 zbior\u00f3w poezji.<\/p>\n<p><strong>Certyfikaty:<\/strong><\/p>\n<ul>\n<li>Certyfikat psychoterapeuty i superwizora Polskiego Towarzystwa Integracyjnej Psychoterapii Do\u015bwiadczeniowej i Edukacji Spo\u0142ecznej Stowarzyszenie INTRA;<\/li>\n<li>European Certificate as Psychotherapist for Person Centered and Experiential Psychotherapy (PCE \u2013 Europe);<\/li>\n<li>Certified Focusing \u2013 Oriented Psychotherapist and Trainer. (The International Focusing Institute);<\/li>\n<li>Certified\u00a0 emotion-focused therapist (International Society Emotion Focused Therapy);<\/li>\n<li>Certyfikat specjalisty i superwizora psychoterapii uzale\u017cnie\u0144 (PARPA\/KBPN);<\/li>\n<li>Certyfikat w zakresie prowadzenia superwizji klinicznej w obszarze psychoterapii os\u00f3b uzale\u017cnionych i ich rodzin (RSPU);<\/li>\n<li>Certyfikat trenera i superwizora treningu i warsztatu psychologicznego (PTP);<\/li>\n<li>Dyplom specjalisty psychoterapii uzale\u017cnie\u0144 w dziedzinach maj\u0105cych zastosowanie w ochronie zdrowia (CEM).<\/li>\n<\/ul>\n<\/div><\/div><style type=\"text\/css\">.fusion-body .fusion-builder-column-0{width:100% !important;margin-top : 0px;margin-bottom : 0px;}.fusion-builder-column-0 > .fusion-column-wrapper {padding-top : 10px !important;padding-right : 0px !important;margin-right : 1.9%;padding-bottom : 0px !important;padding-left : 0px !important;margin-left : 1.9%;}@media only screen and (max-width:1177px) {.fusion-body .fusion-builder-column-0{width:100% !important;}.fusion-builder-column-0 > .fusion-column-wrapper {margin-right : 1.9%;margin-left : 1.9%;}}@media only screen and (max-width:700px) {.fusion-body .fusion-builder-column-0{width:100% !important;}.fusion-builder-column-0 > .fusion-column-wrapper {margin-right : 2.375%;margin-left : 2.375%;}}<\/style><\/div><\/div><style type=\"text\/css\">.fusion-body .fusion-flex-container.fusion-builder-row-1{ padding-top : 2vw;margin-top : 0px;padding-right : 0px;padding-bottom : 7vw;margin-bottom : 0px;padding-left : 0px;}@media only screen and (max-width:700px) {.fusion-body .fusion-flex-container.fusion-builder-row-1{ padding-top : 0px;padding-right : 12vw;padding-bottom : 12vw;padding-left : 12vw;}}<\/style><\/div>\n","protected":false},"excerpt":{"rendered":"","protected":false},"author":1,"featured_media":2217,"parent":2095,"menu_order":0,"comment_status":"closed","ping_status":"closed","template":"100-width.php","meta":{"footnotes":""},"class_list":["post-2392","page","type-page","status-publish","has-post-thumbnail","hentry"],"_links":{"self":[{"href":"https:\/\/sensum.waw.pl\/index.php\/wp-json\/wp\/v2\/pages\/2392","targetHints":{"allow":["GET"]}}],"collection":[{"href":"https:\/\/sensum.waw.pl\/index.php\/wp-json\/wp\/v2\/pages"}],"about":[{"href":"https:\/\/sensum.waw.pl\/index.php\/wp-json\/wp\/v2\/types\/page"}],"author":[{"embeddable":true,"href":"https:\/\/sensum.waw.pl\/index.php\/wp-json\/wp\/v2\/users\/1"}],"replies":[{"embeddable":true,"href":"https:\/\/sensum.waw.pl\/index.php\/wp-json\/wp\/v2\/comments?post=2392"}],"version-history":[{"count":6,"href":"https:\/\/sensum.waw.pl\/index.php\/wp-json\/wp\/v2\/pages\/2392\/revisions"}],"predecessor-version":[{"id":3143,"href":"https:\/\/sensum.waw.pl\/index.php\/wp-json\/wp\/v2\/pages\/2392\/revisions\/3143"}],"up":[{"embeddable":true,"href":"https:\/\/sensum.waw.pl\/index.php\/wp-json\/wp\/v2\/pages\/2095"}],"wp:featuredmedia":[{"embeddable":true,"href":"https:\/\/sensum.waw.pl\/index.php\/wp-json\/wp\/v2\/media\/2217"}],"wp:attachment":[{"href":"https:\/\/sensum.waw.pl\/index.php\/wp-json\/wp\/v2\/media?parent=2392"}],"curies":[{"name":"wp","href":"https:\/\/api.w.org\/{rel}","templated":true}]}}