{"id":2295,"date":"2022-01-17T15:04:12","date_gmt":"2022-01-17T14:04:12","guid":{"rendered":"http:\/\/sensum.waw.pl\/new\/?page_id=2295"},"modified":"2026-01-20T12:46:53","modified_gmt":"2026-01-20T11:46:53","slug":"sylwia-kozlowska-2","status":"publish","type":"page","link":"https:\/\/sensum.waw.pl\/index.php\/zespol\/sylwia-kozlowska-2\/","title":{"rendered":"Sylwia Koz\u0142owska"},"content":{"rendered":"<div class=\"fusion-fullwidth fullwidth-box fusion-builder-row-1 fusion-flex-container nonhundred-percent-fullwidth non-hundred-percent-height-scrolling fusion-animated\" style=\"background-color: rgba(255,255,255,0);background-position: center center;background-repeat: no-repeat;border-width: 0px 0px 0px 0px;border-color:#e2e2e2;border-style:solid;\" data-animationType=\"fadeInUp\" data-animationDuration=\"1.2\" data-animationOffset=\"top-into-view\" ><div class=\"fusion-builder-row fusion-row fusion-flex-align-items-flex-start\" style=\"max-width:1365px;margin-left: calc(-5% \/ 2 );margin-right: calc(-5% \/ 2 );\"><div class=\"fusion-layout-column fusion_builder_column fusion-builder-column-0 fusion_builder_column_1_1 1_1 fusion-flex-column\"><div class=\"fusion-column-wrapper fusion-flex-justify-content-flex-start fusion-content-layout-column\" style=\"background-position:left top;background-blend-mode: overlay;background-repeat:no-repeat;-webkit-background-size:cover;-moz-background-size:cover;-o-background-size:cover;background-size:cover;padding: 10px 0px 0px 0px;\"><div class=\"fusion-text fusion-text-1\"><p>Pracuje w lokalizacji: <strong>Warszawa-Rado\u015b\u0107.<\/strong><\/p>\n<p><b>Jestem dyplomowanym psychologiem oraz studentk\u0105 Szko\u0142y Gestalt. Posiadam 10 letnie do\u015bwiadczenie w pracy z dzie\u0107mi oraz ich rodzicami. Od 8 lat pracuj\u0119 z dzie\u0107mi i m\u0142odzie\u017c\u0105 w formie indywidualnej oraz w formie grupowej. <\/b><\/p>\n<p>Jestem absolwentk\u0105 psychologii Uniwersytetu SWPS w Warszawie. Uko\u0144czy\u0142am rok wst\u0119pny Szko\u0142y Gestalt, obecnie jestem studentk\u0105 Studium Psychoterapii dzieci i m\u0142odzie\u017cy w tej\u017ce szkole. Uko\u0144czy\u0142am szereg specjalistycznych kurs\u00f3w w zakresie pomocy psychologicznej, pedagogicznej, socjoterapii oraz uko\u0144czy\u0142am 1 stopie\u0144 Terapii Skoncentrowanej na Rozwi\u0105zaniach (TSR).<\/p>\n<p>Swoje do\u015bwiadczenie zdobywa\u0142am pracuj\u0105c m.in. w: przedszkolu, \u015bwietlicy socjoterapeutycznej, Szkole Podstawowej, Centrum Ingenium, O\u015brodku Profilaktyki i Socjoterapii dla dzieci i m\u0142odzie\u017cy &#8222;P\u0119pek&#8221; oraz w Specjalistycznej Poradni OPTA.<\/p>\n<p>Prowadz\u0119 terapi\u0119 psychologiczn\u0105 oraz grupy psychoedukacyjne i socjoterapeutyczne. Pracuj\u0119 g\u0142\u00f3wnie z dzie\u0107mi w wieku 6-14 lat. Specjalizuj\u0119 si\u0119 w pracy z dzie\u0107mi l\u0119kowymi, wycofanymi i nie\u015bmia\u0142ymi. W pracy wa\u017cne jest dla mnie budowanie relacji z klientem, niezale\u017cnie od wieku.<\/p>\n<\/div><\/div><style type=\"text\/css\">.fusion-body .fusion-builder-column-0{width:100% !important;margin-top : 0px;margin-bottom : 0px;}.fusion-builder-column-0 > .fusion-column-wrapper {padding-top : 10px !important;padding-right : 0px !important;margin-right : 1.9%;padding-bottom : 0px !important;padding-left : 0px !important;margin-left : 1.9%;}@media only screen and (max-width:1177px) {.fusion-body .fusion-builder-column-0{width:100% !important;}.fusion-builder-column-0 > .fusion-column-wrapper {margin-right : 1.9%;margin-left : 1.9%;}}@media only screen and (max-width:700px) {.fusion-body .fusion-builder-column-0{width:100% !important;}.fusion-builder-column-0 > .fusion-column-wrapper {margin-right : 2.375%;margin-left : 2.375%;}}<\/style><\/div><\/div><style type=\"text\/css\">.fusion-body .fusion-flex-container.fusion-builder-row-1{ padding-top : 2vw;margin-top : 0px;padding-right : 0px;padding-bottom : 7vw;margin-bottom : 0px;padding-left : 0px;}@media only screen and (max-width:700px) {.fusion-body .fusion-flex-container.fusion-builder-row-1{ padding-top : 0px;padding-right : 12vw;padding-bottom : 12vw;padding-left : 12vw;}}<\/style><\/div>\n","protected":false},"excerpt":{"rendered":"","protected":false},"author":1,"featured_media":2536,"parent":2095,"menu_order":0,"comment_status":"closed","ping_status":"closed","template":"100-width.php","meta":{"footnotes":""},"class_list":["post-2295","page","type-page","status-publish","has-post-thumbnail","hentry"],"_links":{"self":[{"href":"https:\/\/sensum.waw.pl\/index.php\/wp-json\/wp\/v2\/pages\/2295","targetHints":{"allow":["GET"]}}],"collection":[{"href":"https:\/\/sensum.waw.pl\/index.php\/wp-json\/wp\/v2\/pages"}],"about":[{"href":"https:\/\/sensum.waw.pl\/index.php\/wp-json\/wp\/v2\/types\/page"}],"author":[{"embeddable":true,"href":"https:\/\/sensum.waw.pl\/index.php\/wp-json\/wp\/v2\/users\/1"}],"replies":[{"embeddable":true,"href":"https:\/\/sensum.waw.pl\/index.php\/wp-json\/wp\/v2\/comments?post=2295"}],"version-history":[{"count":9,"href":"https:\/\/sensum.waw.pl\/index.php\/wp-json\/wp\/v2\/pages\/2295\/revisions"}],"predecessor-version":[{"id":3154,"href":"https:\/\/sensum.waw.pl\/index.php\/wp-json\/wp\/v2\/pages\/2295\/revisions\/3154"}],"up":[{"embeddable":true,"href":"https:\/\/sensum.waw.pl\/index.php\/wp-json\/wp\/v2\/pages\/2095"}],"wp:featuredmedia":[{"embeddable":true,"href":"https:\/\/sensum.waw.pl\/index.php\/wp-json\/wp\/v2\/media\/2536"}],"wp:attachment":[{"href":"https:\/\/sensum.waw.pl\/index.php\/wp-json\/wp\/v2\/media?parent=2295"}],"curies":[{"name":"wp","href":"https:\/\/api.w.org\/{rel}","templated":true}]}}

Sylwia Kozłowska

<div class="fusion-fullwidth fullwidth-box fusion-builder-row-1 fusion-flex-container nonhundred-percent-fullwidth non-hundred-percent-height-scrolling fusion-animated" style="background-color: rgba(255,255,255,0);background-position: center center;background-repeat: no-repeat;border-width: 0px 0px 0px 0px;border-color:#e2e2e2;border-style:solid;" data-animationType="fadeInUp" data-animationDuration="1.2" data-animationOffset="top-into-view" ><div class="fusion-builder-row fusion-row fusion-flex-align-items-flex-start" style="max-width:1365px;margin-left: calc(-5% / 2 );margin-right: calc(-5% / 2 );"><div class="fusion-layout-column fusion_builder_column fusion-builder-column-0 fusion_builder_column_1_1 1_1 fusion-flex-column"><div class="fusion-column-wrapper fusion-flex-justify-content-flex-start fusion-content-layout-column" style="background-position:left top;background-blend-mode: overlay;background-repeat:no-repeat;-webkit-background-size:cover;-moz-background-size:cover;-o-background-size:cover;background-size:cover;padding: 10px 0px 0px 0px;"><div class="fusion-text fusion-text-1"><p>Pracuje w lokalizacji: <strong>Warszawa-Radość.</strong></p>
<p><b>Jestem dyplomowanym psychologiem oraz studentką Szkoły Gestalt. Posiadam 10 letnie doświadczenie w pracy z dziećmi oraz ich rodzicami. Od 8 lat pracuję z dziećmi i młodzieżą w formie indywidualnej oraz w formie grupowej. </b></p>
<p>Jestem absolwentką psychologii Uniwersytetu SWPS w Warszawie. Ukończyłam rok wstępny Szkoły Gestalt, obecnie jestem studentką Studium Psychoterapii dzieci i młodzieży w tejże szkole. Ukończyłam szereg specjalistycznych kursów w zakresie pomocy psychologicznej, pedagogicznej, socjoterapii oraz ukończyłam 1 stopień Terapii Skoncentrowanej na Rozwiązaniach (TSR).</p>
<p>Swoje doświadczenie zdobywałam pracując m.in. w: przedszkolu, świetlicy socjoterapeutycznej, Szkole Podstawowej, Centrum Ingenium, Ośrodku Profilaktyki i Socjoterapii dla dzieci i młodzieży &#8222;Pępek&#8221; oraz w Specjalistycznej Poradni OPTA.</p>
<p>Prowadzę terapię psychologiczną oraz grupy psychoedukacyjne i socjoterapeutyczne. Pracuję głównie z dziećmi w wieku 6-14 lat. Specjalizuję się w pracy z dziećmi lękowymi, wycofanymi i nieśmiałymi. W pracy ważne jest dla mnie budowanie relacji z klientem, niezależnie od wieku.</p>
</div></div><style type="text/css">.fusion-body .fusion-builder-column-0{width:100% !important;margin-top : 0px;margin-bottom : 0px;}.fusion-builder-column-0 > .fusion-column-wrapper {padding-top : 10px !important;padding-right : 0px !important;margin-right : 1.9%;padding-bottom : 0px !important;padding-left : 0px !important;margin-left : 1.9%;}@media only screen and (max-width:1177px) {.fusion-body .fusion-builder-column-0{width:100% !important;}.fusion-builder-column-0 > .fusion-column-wrapper {margin-right : 1.9%;margin-left : 1.9%;}}@media only screen and (max-width:700px) {.fusion-body .fusion-builder-column-0{width:100% !important;}.fusion-builder-column-0 > .fusion-column-wrapper {margin-right : 2.375%;margin-left : 2.375%;}}</style></div></div><style type="text/css">.fusion-body .fusion-flex-container.fusion-builder-row-1{ padding-top : 2vw;margin-top : 0px;padding-right : 0px;padding-bottom : 7vw;margin-bottom : 0px;padding-left : 0px;}@media only screen and (max-width:700px) {.fusion-body .fusion-flex-container.fusion-builder-row-1{ padding-top : 0px;padding-right : 12vw;padding-bottom : 12vw;padding-left : 12vw;}}</style></div>
