{"id":2242,"date":"2021-11-29T14:06:18","date_gmt":"2021-11-29T13:06:18","guid":{"rendered":"http:\/\/sensum.waw.pl\/new\/?page_id=2242"},"modified":"2026-02-13T09:32:24","modified_gmt":"2026-02-13T08:32:24","slug":"joanna-kaczmarek","status":"publish","type":"page","link":"https:\/\/sensum.waw.pl\/index.php\/zespol\/joanna-kaczmarek\/","title":{"rendered":"Joanna Kaczmarek"},"content":{"rendered":"<div class=\"fusion-fullwidth fullwidth-box fusion-builder-row-1 fusion-flex-container nonhundred-percent-fullwidth non-hundred-percent-height-scrolling fusion-animated\" style=\"background-color: rgba(255,255,255,0);background-position: center center;background-repeat: no-repeat;border-width: 0px 0px 0px 0px;border-color:#e2e2e2;border-style:solid;\" data-animationType=\"fadeInUp\" data-animationDuration=\"1.2\" data-animationOffset=\"top-into-view\" ><div class=\"fusion-builder-row fusion-row fusion-flex-align-items-flex-start\" style=\"max-width:1365px;margin-left: calc(-5% \/ 2 );margin-right: calc(-5% \/ 2 );\"><div class=\"fusion-layout-column fusion_builder_column fusion-builder-column-0 fusion_builder_column_1_1 1_1 fusion-flex-column\"><div class=\"fusion-column-wrapper fusion-flex-justify-content-flex-start fusion-content-layout-column\" style=\"background-position:left top;background-blend-mode: overlay;background-repeat:no-repeat;-webkit-background-size:cover;-moz-background-size:cover;-o-background-size:cover;background-size:cover;padding: 10px 0px 0px 0px;\"><div class=\"fusion-text fusion-text-1\"><p>Pracuje w lokalizacji: <strong>Warszawa-Bielany.<\/strong><\/p>\n<p><strong>Jestem certyfikowan\u0105 psychoterapeutk\u0105 i superwizork\u0105 Polskiego Towarzystwa Psychologicznego oraz Polskiego Towarzystwa Humanistyczno-Do\u015bwiadczeniowego. Posiadam certyfikat Focusing-Oriented Therapist\u00a0Mi\u0119dzynarodowego Instytutu Focusingowego w Nowym Jorku.\u00a0<\/strong><\/p>\n<p>Jestem socjologiem, absolwentk\u0105 Uniwersytetu im. Adama Mickiewicza\u00a0w Poznaniu. Uko\u0144czy\u0142am ca\u0142o\u015bciowe szkolenie psychoterapeutyczne w podej\u015bciu humanistycznym w\u00a0O\u015brodku Pomocy i Edukacji Psychologicznej INTRA (2003-2007). W 2013, przed komisj\u0105 PTP zda\u0142am egzamin z psychologii klinicznej. Odby\u0142am wymagane sta\u017ce w pogotowiu opieku\u0144czym oraz na oddziale dziennym Szpitala Nowowiejskiego (Centrum Psychoterapii). Jestem cz\u0142onkiem Polskiego Towarzystwa Psychologicznego oraz Sekcji Psychoterapii PTP.<\/p>\n<p>Wsp\u00f3\u0142pracuj\u0119 z O\u015brodkiem Intra jako wyk\u0142adowca, trener i superwizor psychoterapii. Jestem wsp\u00f3\u0142za\u0142o\u017cycielk\u0105 Polskiego Instytutu Focusingowego, promuj\u0119 rozw\u00f3j Focusingu w Polsce. Jestem r\u00f3wnie\u017c cz\u0142onkiem rady ILC (International Leadership Council) przy Mi\u0119dzynarodowym Instytucie Focusingowym, kt\u00f3ra wspiera dzia\u0142ania Instytutu na rzecz rozwoju Focusingu na \u015bwiecie.<\/p>\n<p>Prowadz\u0119 psychoterapi\u0119 indywidualn\u0105 os\u00f3b doros\u0142ych. Od zawsze ciekawi mnie \u015bwiat drugiego cz\u0142owieka. W psychoterapii mam przywilej by\u0107 blisko do\u015bwiadcze\u0144 i znacze\u0144, jakie ka\u017cda osoba nadaje wydarzeniom \u017cycia. Kieruj\u0119 si\u0119 przy tym przekonaniem, \u017ce zawsze mo\u017cna dowiedzie\u0107 si\u0119 wi\u0119cej o ka\u017cdej sprawie, kt\u00f3r\u0105 cz\u0142owiek przynosi do gabinetu, poniewa\u017c wszystko, co czuje i robi ma sens, nawet je\u015bli sam tego sensu jeszcze nie widzi.<\/p>\n<p style=\"text-align: center;\"><em>&#8222;Cokolwiek we\u017amiemy pod uwag\u0119, nie tylko wszech\u015bwiat jako ca\u0142o\u015b\u0107, ka\u017cda, nawet najmniejsza rzecz, otwiera si\u0119 na wszelkiego rodzaju mo\u017cliwo\u015bci, kt\u00f3re prowadz\u0105 dalej&#8221;.\u00a0<\/em> Eugene Gendlin<\/p>\n<\/div><\/div><style type=\"text\/css\">.fusion-body .fusion-builder-column-0{width:100% !important;margin-top : 0px;margin-bottom : 0px;}.fusion-builder-column-0 > .fusion-column-wrapper {padding-top : 10px !important;padding-right : 0px !important;margin-right : 1.9%;padding-bottom : 0px !important;padding-left : 0px !important;margin-left : 1.9%;}@media only screen and (max-width:1177px) {.fusion-body .fusion-builder-column-0{width:100% !important;}.fusion-builder-column-0 > .fusion-column-wrapper {margin-right : 1.9%;margin-left : 1.9%;}}@media only screen and (max-width:700px) {.fusion-body .fusion-builder-column-0{width:100% !important;}.fusion-builder-column-0 > .fusion-column-wrapper {margin-right : 2.375%;margin-left : 2.375%;}}<\/style><\/div><\/div><style type=\"text\/css\">.fusion-body .fusion-flex-container.fusion-builder-row-1{ padding-top : 2vw;margin-top : 0px;padding-right : 0px;padding-bottom : 7vw;margin-bottom : 0px;padding-left : 0px;}@media only screen and (max-width:700px) {.fusion-body .fusion-flex-container.fusion-builder-row-1{ padding-top : 0px;padding-right : 12vw;padding-bottom : 12vw;padding-left : 12vw;}}<\/style><\/div>\n","protected":false},"excerpt":{"rendered":"","protected":false},"author":1,"featured_media":2257,"parent":2095,"menu_order":0,"comment_status":"closed","ping_status":"closed","template":"100-width.php","meta":{"footnotes":""},"class_list":["post-2242","page","type-page","status-publish","has-post-thumbnail","hentry"],"_links":{"self":[{"href":"https:\/\/sensum.waw.pl\/index.php\/wp-json\/wp\/v2\/pages\/2242","targetHints":{"allow":["GET"]}}],"collection":[{"href":"https:\/\/sensum.waw.pl\/index.php\/wp-json\/wp\/v2\/pages"}],"about":[{"href":"https:\/\/sensum.waw.pl\/index.php\/wp-json\/wp\/v2\/types\/page"}],"author":[{"embeddable":true,"href":"https:\/\/sensum.waw.pl\/index.php\/wp-json\/wp\/v2\/users\/1"}],"replies":[{"embeddable":true,"href":"https:\/\/sensum.waw.pl\/index.php\/wp-json\/wp\/v2\/comments?post=2242"}],"version-history":[{"count":24,"href":"https:\/\/sensum.waw.pl\/index.php\/wp-json\/wp\/v2\/pages\/2242\/revisions"}],"predecessor-version":[{"id":3193,"href":"https:\/\/sensum.waw.pl\/index.php\/wp-json\/wp\/v2\/pages\/2242\/revisions\/3193"}],"up":[{"embeddable":true,"href":"https:\/\/sensum.waw.pl\/index.php\/wp-json\/wp\/v2\/pages\/2095"}],"wp:featuredmedia":[{"embeddable":true,"href":"https:\/\/sensum.waw.pl\/index.php\/wp-json\/wp\/v2\/media\/2257"}],"wp:attachment":[{"href":"https:\/\/sensum.waw.pl\/index.php\/wp-json\/wp\/v2\/media?parent=2242"}],"curies":[{"name":"wp","href":"https:\/\/api.w.org\/{rel}","templated":true}]}}