{"id":2239,"date":"2021-11-29T14:04:26","date_gmt":"2021-11-29T13:04:26","guid":{"rendered":"http:\/\/sensum.waw.pl\/new\/?page_id=2239"},"modified":"2026-01-20T12:43:28","modified_gmt":"2026-01-20T11:43:28","slug":"karolina-kuhn","status":"publish","type":"page","link":"https:\/\/sensum.waw.pl\/index.php\/zespol\/karolina-kuhn\/","title":{"rendered":"Karolina Kuhn"},"content":{"rendered":"<div class=\"fusion-fullwidth fullwidth-box fusion-builder-row-1 fusion-flex-container nonhundred-percent-fullwidth non-hundred-percent-height-scrolling fusion-animated\" style=\"background-color: rgba(255,255,255,0);background-position: center center;background-repeat: no-repeat;border-width: 0px 0px 0px 0px;border-color:#e2e2e2;border-style:solid;\" data-animationType=\"fadeInUp\" data-animationDuration=\"1.2\" data-animationOffset=\"top-into-view\" ><div class=\"fusion-builder-row fusion-row fusion-flex-align-items-flex-start\" style=\"max-width:1365px;margin-left: calc(-5% \/ 2 );margin-right: calc(-5% \/ 2 );\"><div class=\"fusion-layout-column fusion_builder_column fusion-builder-column-0 fusion_builder_column_1_1 1_1 fusion-flex-column\"><div class=\"fusion-column-wrapper fusion-flex-justify-content-flex-start fusion-content-layout-column\" style=\"background-position:left top;background-blend-mode: overlay;background-repeat:no-repeat;-webkit-background-size:cover;-moz-background-size:cover;-o-background-size:cover;background-size:cover;padding: 10px 0px 0px 0px;\"><div class=\"fusion-text fusion-text-1\"><p>Pracuje w lokalizacji: <strong>Warszawa-Centrum; Warszawa-Bielany.<\/strong><\/p>\n<p><strong>Jestem psychologiem, absolwentk\u0105 Szko\u0142y Wy\u017cszej Psychologii Spo\u0142ecznej.<\/strong><\/p>\n<p>W 2007 roku uko\u0144czy\u0142am tak\u017ce 4-letni\u0105 Szko\u0142\u0119 Psychoterapii O\u015brodka Pomocy i Edukacji Psychologicznej INTRA. Od tego czasu pracuj\u0119 jako psychoterapeuta.<\/p>\n<p>Mam tak\u017ce do\u015bwiadczenie w doradztwie personalnym, a tak\u017ce uko\u0144czone szkolenie coachingowe, akredytowane przez ICF.<\/p>\n<p>Pracuj\u0119 w podej\u015bciu humanistycznym, prowadz\u0119 indywidualn\u0105 psychoterapi\u0119 os\u00f3b doros\u0142ych.<\/p>\n<p>My\u015bl\u0119, \u017ce wielu z nas ma takie chwile w \u017cyciu, kiedy wszystkiego jest za du\u017co na jedn\u0105 osob\u0119, czujemy si\u0119 bezradni i zagubieni, a \u015bwiat staje si\u0119 nieprzyjazny i skomplikowany. Cz\u0119sto nie rozumiemy, co si\u0119 z nami dzieje, dlaczego zachowujemy si\u0119 tak, a nie inaczej, sk\u0105d bierze si\u0119 nas b\u00f3l i jak sobie z nim poradzi\u0107. Psychoterapia jest mo\u017cliwo\u015bci\u0105 poznania siebie, odkrycia swojego miejsca, daje szans\u0119, aby zacz\u0105\u0107 w pe\u0142ni \u017cy\u0107.<\/p>\n<p>Pracuj\u0119 pod superwizj\u0105. I work in English, je travaille en francais.<\/p>\n<\/div><\/div><style type=\"text\/css\">.fusion-body .fusion-builder-column-0{width:100% !important;margin-top : 0px;margin-bottom : 0px;}.fusion-builder-column-0 > .fusion-column-wrapper {padding-top : 10px !important;padding-right : 0px !important;margin-right : 1.9%;padding-bottom : 0px !important;padding-left : 0px !important;margin-left : 1.9%;}@media only screen and (max-width:1177px) {.fusion-body .fusion-builder-column-0{width:100% !important;}.fusion-builder-column-0 > .fusion-column-wrapper {margin-right : 1.9%;margin-left : 1.9%;}}@media only screen and (max-width:700px) {.fusion-body .fusion-builder-column-0{width:100% !important;}.fusion-builder-column-0 > .fusion-column-wrapper {margin-right : 2.375%;margin-left : 2.375%;}}<\/style><\/div><\/div><style type=\"text\/css\">.fusion-body .fusion-flex-container.fusion-builder-row-1{ padding-top : 2vw;margin-top : 0px;padding-right : 0px;padding-bottom : 7vw;margin-bottom : 0px;padding-left : 0px;}@media only screen and (max-width:700px) {.fusion-body .fusion-flex-container.fusion-builder-row-1{ padding-top : 0px;padding-right : 12vw;padding-bottom : 12vw;padding-left : 12vw;}}<\/style><\/div>\n","protected":false},"excerpt":{"rendered":"","protected":false},"author":1,"featured_media":2258,"parent":2095,"menu_order":0,"comment_status":"closed","ping_status":"closed","template":"100-width.php","meta":{"footnotes":""},"class_list":["post-2239","page","type-page","status-publish","has-post-thumbnail","hentry"],"_links":{"self":[{"href":"https:\/\/sensum.waw.pl\/index.php\/wp-json\/wp\/v2\/pages\/2239","targetHints":{"allow":["GET"]}}],"collection":[{"href":"https:\/\/sensum.waw.pl\/index.php\/wp-json\/wp\/v2\/pages"}],"about":[{"href":"https:\/\/sensum.waw.pl\/index.php\/wp-json\/wp\/v2\/types\/page"}],"author":[{"embeddable":true,"href":"https:\/\/sensum.waw.pl\/index.php\/wp-json\/wp\/v2\/users\/1"}],"replies":[{"embeddable":true,"href":"https:\/\/sensum.waw.pl\/index.php\/wp-json\/wp\/v2\/comments?post=2239"}],"version-history":[{"count":6,"href":"https:\/\/sensum.waw.pl\/index.php\/wp-json\/wp\/v2\/pages\/2239\/revisions"}],"predecessor-version":[{"id":3147,"href":"https:\/\/sensum.waw.pl\/index.php\/wp-json\/wp\/v2\/pages\/2239\/revisions\/3147"}],"up":[{"embeddable":true,"href":"https:\/\/sensum.waw.pl\/index.php\/wp-json\/wp\/v2\/pages\/2095"}],"wp:featuredmedia":[{"embeddable":true,"href":"https:\/\/sensum.waw.pl\/index.php\/wp-json\/wp\/v2\/media\/2258"}],"wp:attachment":[{"href":"https:\/\/sensum.waw.pl\/index.php\/wp-json\/wp\/v2\/media?parent=2239"}],"curies":[{"name":"wp","href":"https:\/\/api.w.org\/{rel}","templated":true}]}}

<div class="fusion-fullwidth fullwidth-box fusion-builder-row-1 fusion-flex-container nonhundred-percent-fullwidth non-hundred-percent-height-scrolling fusion-animated" style="background-color: rgba(255,255,255,0);background-position: center center;background-repeat: no-repeat;border-width: 0px 0px 0px 0px;border-color:#e2e2e2;border-style:solid;" data-animationType="fadeInUp" data-animationDuration="1.2" data-animationOffset="top-into-view" ><div class="fusion-builder-row fusion-row fusion-flex-align-items-flex-start" style="max-width:1365px;margin-left: calc(-5% / 2 );margin-right: calc(-5% / 2 );"><div class="fusion-layout-column fusion_builder_column fusion-builder-column-0 fusion_builder_column_1_1 1_1 fusion-flex-column"><div class="fusion-column-wrapper fusion-flex-justify-content-flex-start fusion-content-layout-column" style="background-position:left top;background-blend-mode: overlay;background-repeat:no-repeat;-webkit-background-size:cover;-moz-background-size:cover;-o-background-size:cover;background-size:cover;padding: 10px 0px 0px 0px;"><div class="fusion-text fusion-text-1"><p>Pracuje w lokalizacji: <strong>Warszawa-Centrum; Warszawa-Bielany.</strong></p>
<p><strong>Jestem psychologiem, absolwentką Szkoły Wyższej Psychologii Społecznej.</strong></p>
<p>W 2007 roku ukończyłam także 4-letnią Szkołę Psychoterapii Ośrodka Pomocy i Edukacji Psychologicznej INTRA. Od tego czasu pracuję jako psychoterapeuta.</p>
<p>Mam także doświadczenie w doradztwie personalnym, a także ukończone szkolenie coachingowe, akredytowane przez ICF.</p>
<p>Pracuję w podejściu humanistycznym, prowadzę indywidualną psychoterapię osób dorosłych.</p>
<p>Myślę, że wielu z nas ma takie chwile w życiu, kiedy wszystkiego jest za dużo na jedną osobę, czujemy się bezradni i zagubieni, a świat staje się nieprzyjazny i skomplikowany. Często nie rozumiemy, co się z nami dzieje, dlaczego zachowujemy się tak, a nie inaczej, skąd bierze się nas ból i jak sobie z nim poradzić. Psychoterapia jest możliwością poznania siebie, odkrycia swojego miejsca, daje szansę, aby zacząć w pełni żyć.</p>
<p>Pracuję pod superwizją. I work in English, je travaille en francais.</p>
</div></div><style type="text/css">.fusion-body .fusion-builder-column-0{width:100% !important;margin-top : 0px;margin-bottom : 0px;}.fusion-builder-column-0 > .fusion-column-wrapper {padding-top : 10px !important;padding-right : 0px !important;margin-right : 1.9%;padding-bottom : 0px !important;padding-left : 0px !important;margin-left : 1.9%;}@media only screen and (max-width:1177px) {.fusion-body .fusion-builder-column-0{width:100% !important;}.fusion-builder-column-0 > .fusion-column-wrapper {margin-right : 1.9%;margin-left : 1.9%;}}@media only screen and (max-width:700px) {.fusion-body .fusion-builder-column-0{width:100% !important;}.fusion-builder-column-0 > .fusion-column-wrapper {margin-right : 2.375%;margin-left : 2.375%;}}</style></div></div><style type="text/css">.fusion-body .fusion-flex-container.fusion-builder-row-1{ padding-top : 2vw;margin-top : 0px;padding-right : 0px;padding-bottom : 7vw;margin-bottom : 0px;padding-left : 0px;}@media only screen and (max-width:700px) {.fusion-body .fusion-flex-container.fusion-builder-row-1{ padding-top : 0px;padding-right : 12vw;padding-bottom : 12vw;padding-left : 12vw;}}</style></div>
