{"id":2236,"date":"2021-11-29T14:03:11","date_gmt":"2021-11-29T13:03:11","guid":{"rendered":"http:\/\/sensum.waw.pl\/new\/?page_id=2236"},"modified":"2026-01-20T12:42:17","modified_gmt":"2026-01-20T11:42:17","slug":"izabella-capala","status":"publish","type":"page","link":"https:\/\/sensum.waw.pl\/index.php\/zespol\/izabella-capala\/","title":{"rendered":"Izabella Janowicz C\u0105pa\u0142a"},"content":{"rendered":"<div class=\"fusion-fullwidth fullwidth-box fusion-builder-row-1 fusion-flex-container nonhundred-percent-fullwidth non-hundred-percent-height-scrolling fusion-animated\" style=\"background-color: rgba(255,255,255,0);background-position: center center;background-repeat: no-repeat;border-width: 0px 0px 0px 0px;border-color:#e2e2e2;border-style:solid;\" data-animationType=\"fadeInUp\" data-animationDuration=\"1.2\" data-animationOffset=\"top-into-view\" ><div class=\"fusion-builder-row fusion-row fusion-flex-align-items-flex-start\" style=\"max-width:1365px;margin-left: calc(-5% \/ 2 );margin-right: calc(-5% \/ 2 );\"><div class=\"fusion-layout-column fusion_builder_column fusion-builder-column-0 fusion_builder_column_1_1 1_1 fusion-flex-column\"><div class=\"fusion-column-wrapper fusion-flex-justify-content-flex-start fusion-content-layout-column\" style=\"background-position:left top;background-blend-mode: overlay;background-repeat:no-repeat;-webkit-background-size:cover;-moz-background-size:cover;-o-background-size:cover;background-size:cover;padding: 10px 0px 0px 0px;\"><div class=\"fusion-text fusion-text-1\"><p>Pracuje w lokalizacji: <strong>Warszawa-Centrum; Warszawa-Rado\u015b\u0107.<\/strong><\/p>\n<p><b>Jestem psychologiem, studia uko\u0144czy\u0142am na wydziale Psychologii Uniwersytetu Warszawskiego.<\/b><\/p>\n<p>Moja ch\u0119\u0107 poznania tajnik\u00f3w ludzkiego umys\u0142u powoli przerodzi\u0142a si\u0119 w pasj\u0119 pracy z drugim cz\u0142owiekiem. Po pewnym czasie zainteresowa\u0142am si\u0119 psychoterapi\u0105, jako form\u0105 pomocy, a tak\u017ce sposobem na rozwi\u0105zywanie konflikt\u00f3w i problem\u00f3w z jakimi musimy sobie radzi\u0107. W celu pog\u0142\u0119bienia swojej wiedzy psychoterapeutycznej uko\u0144czy\u0142am kurs pomocy psychologicznej oraz Szko\u0142\u0119 Psychoterapii w o\u015brodku Intra.<\/p>\n<p>Jestem cz\u0142onkiem Polskiego Towarzystwa Psychologicznego oraz Polskiego Stowarzyszenia Integracji Psychoterapii.<\/p>\n<p>W swoich do\u015bwiadczeniach zawodowych mam, mi\u0119dzy innymi, prac\u0119 w formie spotka\u0144 grupowych i indywidualnych na Oddziale Dziennym Pomocy Psychiatrycznej przy ul. Gruzi\u0144skiej 6 w Warszawie. W wi\u0119kszo\u015bci by\u0142y to osoby choruj\u0105ce na depresje i nerwice. W o\u015brodku Pomocy Spo\u0142ecznej dzielnicy \u017boliborz dla miasta W-wy prowadzi\u0142am grup\u0119 terapeutyczn\u0105 dla kobiet rozwiedzionych i samotnie wychowuj\u0105cych dzieci.<\/p>\n<p>W ramach gabinetu spotykam si\u0119 z osobami, kt\u00f3re s\u0105 zagubione, odczuwaj\u0105 ci\u0105g\u0142y smutek, cierpi\u0105 na zaburzenia nastroju i snu. Bardzo wierz\u0119 w to, \u017ce ka\u017cdy cz\u0142owiek ma w sobie umiej\u0119tno\u015b\u0107 pokonywania problem\u00f3w, a psychoterapia daje nam wiele sposob\u00f3w, aby ta umiej\u0119tno\u015b\u0107 zacz\u0119\u0142a \u017cy\u0107.<\/p>\n<p>Jestem w trakcie szkolenia psychoterapii psychoanalitycznej w ramach Polskiego Towarzystwa Psychoterapii Psychoanalitycznej, oraz jestem cz\u0142onkiem kandydatem tego Towarzystwa.W ramach prywatnej praktyki pracuj\u0119 z osobami cierpi\u0105cymi na zaburzenia border-line, depresje, nerwice l\u0119kowe, a tak\u017ce osobami prze\u017cywaj\u0105cymi trudno\u015bci w bliskiej relacji.<\/p>\n<\/div><\/div><style type=\"text\/css\">.fusion-body .fusion-builder-column-0{width:100% !important;margin-top : 0px;margin-bottom : 0px;}.fusion-builder-column-0 > .fusion-column-wrapper {padding-top : 10px !important;padding-right : 0px !important;margin-right : 1.9%;padding-bottom : 0px !important;padding-left : 0px !important;margin-left : 1.9%;}@media only screen and (max-width:1177px) {.fusion-body .fusion-builder-column-0{width:100% !important;}.fusion-builder-column-0 > .fusion-column-wrapper {margin-right : 1.9%;margin-left : 1.9%;}}@media only screen and (max-width:700px) {.fusion-body .fusion-builder-column-0{width:100% !important;}.fusion-builder-column-0 > .fusion-column-wrapper {margin-right : 2.375%;margin-left : 2.375%;}}<\/style><\/div><\/div><style type=\"text\/css\">.fusion-body .fusion-flex-container.fusion-builder-row-1{ padding-top : 2vw;margin-top : 0px;padding-right : 0px;padding-bottom : 7vw;margin-bottom : 0px;padding-left : 0px;}@media only screen and (max-width:700px) {.fusion-body .fusion-flex-container.fusion-builder-row-1{ padding-top : 0px;padding-right : 12vw;padding-bottom : 12vw;padding-left : 12vw;}}<\/style><\/div>\n","protected":false},"excerpt":{"rendered":"","protected":false},"author":1,"featured_media":3055,"parent":2095,"menu_order":0,"comment_status":"closed","ping_status":"closed","template":"100-width.php","meta":{"footnotes":""},"class_list":["post-2236","page","type-page","status-publish","has-post-thumbnail","hentry"],"_links":{"self":[{"href":"https:\/\/sensum.waw.pl\/index.php\/wp-json\/wp\/v2\/pages\/2236","targetHints":{"allow":["GET"]}}],"collection":[{"href":"https:\/\/sensum.waw.pl\/index.php\/wp-json\/wp\/v2\/pages"}],"about":[{"href":"https:\/\/sensum.waw.pl\/index.php\/wp-json\/wp\/v2\/types\/page"}],"author":[{"embeddable":true,"href":"https:\/\/sensum.waw.pl\/index.php\/wp-json\/wp\/v2\/users\/1"}],"replies":[{"embeddable":true,"href":"https:\/\/sensum.waw.pl\/index.php\/wp-json\/wp\/v2\/comments?post=2236"}],"version-history":[{"count":4,"href":"https:\/\/sensum.waw.pl\/index.php\/wp-json\/wp\/v2\/pages\/2236\/revisions"}],"predecessor-version":[{"id":3144,"href":"https:\/\/sensum.waw.pl\/index.php\/wp-json\/wp\/v2\/pages\/2236\/revisions\/3144"}],"up":[{"embeddable":true,"href":"https:\/\/sensum.waw.pl\/index.php\/wp-json\/wp\/v2\/pages\/2095"}],"wp:featuredmedia":[{"embeddable":true,"href":"https:\/\/sensum.waw.pl\/index.php\/wp-json\/wp\/v2\/media\/3055"}],"wp:attachment":[{"href":"https:\/\/sensum.waw.pl\/index.php\/wp-json\/wp\/v2\/media?parent=2236"}],"curies":[{"name":"wp","href":"https:\/\/api.w.org\/{rel}","templated":true}]}}

Izabella Janowicz Cąpała

<div class="fusion-fullwidth fullwidth-box fusion-builder-row-1 fusion-flex-container nonhundred-percent-fullwidth non-hundred-percent-height-scrolling fusion-animated" style="background-color: rgba(255,255,255,0);background-position: center center;background-repeat: no-repeat;border-width: 0px 0px 0px 0px;border-color:#e2e2e2;border-style:solid;" data-animationType="fadeInUp" data-animationDuration="1.2" data-animationOffset="top-into-view" ><div class="fusion-builder-row fusion-row fusion-flex-align-items-flex-start" style="max-width:1365px;margin-left: calc(-5% / 2 );margin-right: calc(-5% / 2 );"><div class="fusion-layout-column fusion_builder_column fusion-builder-column-0 fusion_builder_column_1_1 1_1 fusion-flex-column"><div class="fusion-column-wrapper fusion-flex-justify-content-flex-start fusion-content-layout-column" style="background-position:left top;background-blend-mode: overlay;background-repeat:no-repeat;-webkit-background-size:cover;-moz-background-size:cover;-o-background-size:cover;background-size:cover;padding: 10px 0px 0px 0px;"><div class="fusion-text fusion-text-1"><p>Pracuje w lokalizacji: <strong>Warszawa-Centrum; Warszawa-Radość.</strong></p>
<p><b>Jestem psychologiem, studia ukończyłam na wydziale Psychologii Uniwersytetu Warszawskiego.</b></p>
<p>Moja chęć poznania tajników ludzkiego umysłu powoli przerodziła się w pasję pracy z drugim człowiekiem. Po pewnym czasie zainteresowałam się psychoterapią, jako formą pomocy, a także sposobem na rozwiązywanie konfliktów i problemów z jakimi musimy sobie radzić. W celu pogłębienia swojej wiedzy psychoterapeutycznej ukończyłam kurs pomocy psychologicznej oraz Szkołę Psychoterapii w ośrodku Intra.</p>
<p>Jestem członkiem Polskiego Towarzystwa Psychologicznego oraz Polskiego Stowarzyszenia Integracji Psychoterapii.</p>
<p>W swoich doświadczeniach zawodowych mam, między innymi, pracę w formie spotkań grupowych i indywidualnych na Oddziale Dziennym Pomocy Psychiatrycznej przy ul. Gruzińskiej 6 w Warszawie. W większości były to osoby chorujące na depresje i nerwice. W ośrodku Pomocy Społecznej dzielnicy Żoliborz dla miasta W-wy prowadziłam grupę terapeutyczną dla kobiet rozwiedzionych i samotnie wychowujących dzieci.</p>
<p>W ramach gabinetu spotykam się z osobami, które są zagubione, odczuwają ciągły smutek, cierpią na zaburzenia nastroju i snu. Bardzo wierzę w to, że każdy człowiek ma w sobie umiejętność pokonywania problemów, a psychoterapia daje nam wiele sposobów, aby ta umiejętność zaczęła żyć.</p>
<p>Jestem w trakcie szkolenia psychoterapii psychoanalitycznej w ramach Polskiego Towarzystwa Psychoterapii Psychoanalitycznej, oraz jestem członkiem kandydatem tego Towarzystwa.W ramach prywatnej praktyki pracuję z osobami cierpiącymi na zaburzenia border-line, depresje, nerwice lękowe, a także osobami przeżywającymi trudności w bliskiej relacji.</p>
</div></div><style type="text/css">.fusion-body .fusion-builder-column-0{width:100% !important;margin-top : 0px;margin-bottom : 0px;}.fusion-builder-column-0 > .fusion-column-wrapper {padding-top : 10px !important;padding-right : 0px !important;margin-right : 1.9%;padding-bottom : 0px !important;padding-left : 0px !important;margin-left : 1.9%;}@media only screen and (max-width:1177px) {.fusion-body .fusion-builder-column-0{width:100% !important;}.fusion-builder-column-0 > .fusion-column-wrapper {margin-right : 1.9%;margin-left : 1.9%;}}@media only screen and (max-width:700px) {.fusion-body .fusion-builder-column-0{width:100% !important;}.fusion-builder-column-0 > .fusion-column-wrapper {margin-right : 2.375%;margin-left : 2.375%;}}</style></div></div><style type="text/css">.fusion-body .fusion-flex-container.fusion-builder-row-1{ padding-top : 2vw;margin-top : 0px;padding-right : 0px;padding-bottom : 7vw;margin-bottom : 0px;padding-left : 0px;}@media only screen and (max-width:700px) {.fusion-body .fusion-flex-container.fusion-builder-row-1{ padding-top : 0px;padding-right : 12vw;padding-bottom : 12vw;padding-left : 12vw;}}</style></div>
