{"id":2224,"date":"2021-11-29T13:47:54","date_gmt":"2021-11-29T12:47:54","guid":{"rendered":"http:\/\/sensum.waw.pl\/new\/?page_id=2224"},"modified":"2026-01-20T12:41:27","modified_gmt":"2026-01-20T11:41:27","slug":"grazyna-smuszowicz","status":"publish","type":"page","link":"https:\/\/sensum.waw.pl\/index.php\/zespol\/grazyna-smuszowicz\/","title":{"rendered":"Gra\u017cyna Smuszowicz"},"content":{"rendered":"<div class=\"fusion-fullwidth fullwidth-box fusion-builder-row-1 fusion-flex-container nonhundred-percent-fullwidth non-hundred-percent-height-scrolling fusion-animated\" style=\"background-color: rgba(255,255,255,0);background-position: center center;background-repeat: no-repeat;border-width: 0px 0px 0px 0px;border-color:#e2e2e2;border-style:solid;\" data-animationType=\"fadeInUp\" data-animationDuration=\"1.2\" data-animationOffset=\"top-into-view\" ><div class=\"fusion-builder-row fusion-row fusion-flex-align-items-flex-start\" style=\"max-width:1365px;margin-left: calc(-5% \/ 2 );margin-right: calc(-5% \/ 2 );\"><div class=\"fusion-layout-column fusion_builder_column fusion-builder-column-0 fusion_builder_column_1_1 1_1 fusion-flex-column\"><div class=\"fusion-column-wrapper fusion-flex-justify-content-flex-start fusion-content-layout-column\" style=\"background-position:left top;background-blend-mode: overlay;background-repeat:no-repeat;-webkit-background-size:cover;-moz-background-size:cover;-o-background-size:cover;background-size:cover;padding: 10px 0px 0px 0px;\"><div class=\"fusion-text fusion-text-1\"><p>Pracuje w lokalizacji: <strong>Warszawa-Centrum; Warszawa-Rado\u015b\u0107.<\/strong><\/p>\n<p><strong>Jestem psychologiem i psychoterapeut\u0105.\u00a0<\/strong><\/p>\n<p><strong>Uko\u0144czy\u0142am Wydzia\u0142 Psychologii oraz Szko\u0142\u0119 Psychoterapii przy O\u015brodku Pomocy i Edukacji Psychologicznej Intra. Jestem cz\u0142onkiem Polskiego Towarzystwa Psychologicznego, pracuj\u0119 pod superwizj\u0105.<\/strong><\/p>\n<p>Uczestnicz\u0119 w seminariach, konferencjach i wyk\u0142adach poszerzaj\u0105c swoj\u0105 wiedz\u0119. W poszukiwaniu narz\u0119dzi terapeutycznych do pracy z traum\u0105 odby\u0142am szkolenie EMDR (terapia traumy za pomoc\u0105 ruchu ga\u0142ek ocznych) w PTT EMDR oraz kurs Mindfulness w Instytucie Uwa\u017cno\u015bci i Psychoterapii. Prowadz\u0119 terapi\u0119 indywidualn\u0105 os\u00f3b doros\u0142ych i m\u0142odych doros\u0142ych w gabinecie oraz od wielu lat r\u00f3wnie\u017c na Skypie z klientami w Polsce i za granic\u0105.<\/p>\n<p>W Sensum pracuj\u0119 od momentu powstania\u00a0 O\u015brodka.<\/p>\n<p>W pracy integruj\u0119 r\u00f3\u017cne podej\u015bcia. Korzystam z wiedzy w zakresu neuronauki szczeg\u00f3lnie w pracy z traum\u0105, praca z cia\u0142em, z napi\u0119ciami w oparciu o analiz\u0119 bioenergetyczn\u0105 Lowena, metody regulacji uk\u0142adu nerwowego (w tym Mindfulness), focusing w obszarze pracy z emocjami. Trudno mi jest si\u0119 okre\u015bli\u0107 i zaszeregowa\u0107, ale chyba najbli\u017csze jest mi podej\u015bcie humanistyczno-egzystencjalne. Zaburzenia l\u0119kowe, zaburzenia nastroju, depresja, problemy osobowo\u015bciowe, sytuacje kryzysowe i kryzysy rozwojowe to najcz\u0119stsze problemy, z jakimi zg\u0142aszaj\u0105 si\u0119 do mnie od wielu lat klienci.<\/p>\n<p>W terapii przygl\u0105damy si\u0119 wsp\u00f3lnie, czy spos\u00f3b w jaki klient odbiera i prze\u017cywa rzeczywisto\u015b\u0107 nie powoduje problem\u00f3w, z jakimi zg\u0142asza si\u0119 po pomoc. Szukamy przyczyn dlaczego w taki w\u0142a\u015bnie spos\u00f3b rozumie otaczaj\u0105cy go \u015bwiat. Najcz\u0119\u015bciej znajdujemy je w dzieci\u0144stwie i wtedy jest czas na prze\u017cycie \u017ca\u0142oby za dzieci\u0144stwem bez dzieci\u0144stwa oraz aktualizacj\u0105 utrwalonych, szkodliwych schemat\u00f3w poznawczych. Bardzo cz\u0119sto zdarza si\u0119 , \u017ce po drodze musimy przepracowa\u0107 traum\u0119, zdarzenie, lub serie zdarze\u0144, kt\u00f3re zaburzy\u0142o prawid\u0142owy rozw\u00f3j klienta. Pracujemy tak\u017ce nad poznaniem i zaakceptowaniem w\u0142asnych s\u0142abo\u015bci i ogranicze\u0144. Identyfikujemy mocne strony i anga\u017cujemy je w kreowanie dobrego, warto\u015bciowego \u017cycia. Budowanie bezpiecznej wi\u0119zi z drugim, to r\u00f3wnie\u017c cz\u0119sty temat mojej pracy z klientami.<\/p>\n<p><strong>Wykonywanie pracy terapeutycznej przynosi mi wielk\u0105 satysfakcj\u0119, uwa\u017cam to za ogromny przywilej, gdy klient otwiera nam drzwi do swojego \u017cycia i dzi\u0119ki naszej wsp\u00f3lnej pracy odkrywa sw\u00f3j potencja\u0142, zmieniaj\u0105c kierunek swojego \u017cycia.<\/strong><\/p>\n<\/div><\/div><style type=\"text\/css\">.fusion-body .fusion-builder-column-0{width:100% !important;margin-top : 0px;margin-bottom : 0px;}.fusion-builder-column-0 > .fusion-column-wrapper {padding-top : 10px !important;padding-right : 0px !important;margin-right : 1.9%;padding-bottom : 0px !important;padding-left : 0px !important;margin-left : 1.9%;}@media only screen and (max-width:1177px) {.fusion-body .fusion-builder-column-0{width:100% !important;}.fusion-builder-column-0 > .fusion-column-wrapper {margin-right : 1.9%;margin-left : 1.9%;}}@media only screen and (max-width:700px) {.fusion-body .fusion-builder-column-0{width:100% !important;}.fusion-builder-column-0 > .fusion-column-wrapper {margin-right : 2.375%;margin-left : 2.375%;}}<\/style><\/div><\/div><style type=\"text\/css\">.fusion-body .fusion-flex-container.fusion-builder-row-1{ padding-top : 2vw;margin-top : 0px;padding-right : 0px;padding-bottom : 7vw;margin-bottom : 0px;padding-left : 0px;}@media only screen and (max-width:700px) {.fusion-body .fusion-flex-container.fusion-builder-row-1{ padding-top : 0px;padding-right : 12vw;padding-bottom : 12vw;padding-left : 12vw;}}<\/style><\/div>\n","protected":false},"excerpt":{"rendered":"","protected":false},"author":1,"featured_media":2255,"parent":2095,"menu_order":0,"comment_status":"closed","ping_status":"closed","template":"100-width.php","meta":{"footnotes":""},"class_list":["post-2224","page","type-page","status-publish","has-post-thumbnail","hentry"],"_links":{"self":[{"href":"https:\/\/sensum.waw.pl\/index.php\/wp-json\/wp\/v2\/pages\/2224","targetHints":{"allow":["GET"]}}],"collection":[{"href":"https:\/\/sensum.waw.pl\/index.php\/wp-json\/wp\/v2\/pages"}],"about":[{"href":"https:\/\/sensum.waw.pl\/index.php\/wp-json\/wp\/v2\/types\/page"}],"author":[{"embeddable":true,"href":"https:\/\/sensum.waw.pl\/index.php\/wp-json\/wp\/v2\/users\/1"}],"replies":[{"embeddable":true,"href":"https:\/\/sensum.waw.pl\/index.php\/wp-json\/wp\/v2\/comments?post=2224"}],"version-history":[{"count":6,"href":"https:\/\/sensum.waw.pl\/index.php\/wp-json\/wp\/v2\/pages\/2224\/revisions"}],"predecessor-version":[{"id":3142,"href":"https:\/\/sensum.waw.pl\/index.php\/wp-json\/wp\/v2\/pages\/2224\/revisions\/3142"}],"up":[{"embeddable":true,"href":"https:\/\/sensum.waw.pl\/index.php\/wp-json\/wp\/v2\/pages\/2095"}],"wp:featuredmedia":[{"embeddable":true,"href":"https:\/\/sensum.waw.pl\/index.php\/wp-json\/wp\/v2\/media\/2255"}],"wp:attachment":[{"href":"https:\/\/sensum.waw.pl\/index.php\/wp-json\/wp\/v2\/media?parent=2224"}],"curies":[{"name":"wp","href":"https:\/\/api.w.org\/{rel}","templated":true}]}}

Grażyna Smuszowicz

<div class="fusion-fullwidth fullwidth-box fusion-builder-row-1 fusion-flex-container nonhundred-percent-fullwidth non-hundred-percent-height-scrolling fusion-animated" style="background-color: rgba(255,255,255,0);background-position: center center;background-repeat: no-repeat;border-width: 0px 0px 0px 0px;border-color:#e2e2e2;border-style:solid;" data-animationType="fadeInUp" data-animationDuration="1.2" data-animationOffset="top-into-view" ><div class="fusion-builder-row fusion-row fusion-flex-align-items-flex-start" style="max-width:1365px;margin-left: calc(-5% / 2 );margin-right: calc(-5% / 2 );"><div class="fusion-layout-column fusion_builder_column fusion-builder-column-0 fusion_builder_column_1_1 1_1 fusion-flex-column"><div class="fusion-column-wrapper fusion-flex-justify-content-flex-start fusion-content-layout-column" style="background-position:left top;background-blend-mode: overlay;background-repeat:no-repeat;-webkit-background-size:cover;-moz-background-size:cover;-o-background-size:cover;background-size:cover;padding: 10px 0px 0px 0px;"><div class="fusion-text fusion-text-1"><p>Pracuje w lokalizacji: <strong>Warszawa-Centrum; Warszawa-Radość.</strong></p>
<p><strong>Jestem psychologiem i psychoterapeutą. </strong></p>
<p><strong>Ukończyłam Wydział Psychologii oraz Szkołę Psychoterapii przy Ośrodku Pomocy i Edukacji Psychologicznej Intra. Jestem członkiem Polskiego Towarzystwa Psychologicznego, pracuję pod superwizją.</strong></p>
<p>Uczestniczę w seminariach, konferencjach i wykładach poszerzając swoją wiedzę. W poszukiwaniu narzędzi terapeutycznych do pracy z traumą odbyłam szkolenie EMDR (terapia traumy za pomocą ruchu gałek ocznych) w PTT EMDR oraz kurs Mindfulness w Instytucie Uważności i Psychoterapii. Prowadzę terapię indywidualną osób dorosłych i młodych dorosłych w gabinecie oraz od wielu lat również na Skypie z klientami w Polsce i za granicą.</p>
<p>W Sensum pracuję od momentu powstania  Ośrodka.</p>
<p>W pracy integruję różne podejścia. Korzystam z wiedzy w zakresu neuronauki szczególnie w pracy z traumą, praca z ciałem, z napięciami w oparciu o analizę bioenergetyczną Lowena, metody regulacji układu nerwowego (w tym Mindfulness), focusing w obszarze pracy z emocjami. Trudno mi jest się określić i zaszeregować, ale chyba najbliższe jest mi podejście humanistyczno-egzystencjalne. Zaburzenia lękowe, zaburzenia nastroju, depresja, problemy osobowościowe, sytuacje kryzysowe i kryzysy rozwojowe to najczęstsze problemy, z jakimi zgłaszają się do mnie od wielu lat klienci.</p>
<p>W terapii przyglądamy się wspólnie, czy sposób w jaki klient odbiera i przeżywa rzeczywistość nie powoduje problemów, z jakimi zgłasza się po pomoc. Szukamy przyczyn dlaczego w taki właśnie sposób rozumie otaczający go świat. Najczęściej znajdujemy je w dzieciństwie i wtedy jest czas na przeżycie żałoby za dzieciństwem bez dzieciństwa oraz aktualizacją utrwalonych, szkodliwych schematów poznawczych. Bardzo często zdarza się , że po drodze musimy przepracować traumę, zdarzenie, lub serie zdarzeń, które zaburzyło prawidłowy rozwój klienta. Pracujemy także nad poznaniem i zaakceptowaniem własnych słabości i ograniczeń. Identyfikujemy mocne strony i angażujemy je w kreowanie dobrego, wartościowego życia. Budowanie bezpiecznej więzi z drugim, to również częsty temat mojej pracy z klientami.</p>
<p><strong>Wykonywanie pracy terapeutycznej przynosi mi wielką satysfakcję, uważam to za ogromny przywilej, gdy klient otwiera nam drzwi do swojego życia i dzięki naszej wspólnej pracy odkrywa swój potencjał, zmieniając kierunek swojego życia.</strong></p>
</div></div><style type="text/css">.fusion-body .fusion-builder-column-0{width:100% !important;margin-top : 0px;margin-bottom : 0px;}.fusion-builder-column-0 > .fusion-column-wrapper {padding-top : 10px !important;padding-right : 0px !important;margin-right : 1.9%;padding-bottom : 0px !important;padding-left : 0px !important;margin-left : 1.9%;}@media only screen and (max-width:1177px) {.fusion-body .fusion-builder-column-0{width:100% !important;}.fusion-builder-column-0 > .fusion-column-wrapper {margin-right : 1.9%;margin-left : 1.9%;}}@media only screen and (max-width:700px) {.fusion-body .fusion-builder-column-0{width:100% !important;}.fusion-builder-column-0 > .fusion-column-wrapper {margin-right : 2.375%;margin-left : 2.375%;}}</style></div></div><style type="text/css">.fusion-body .fusion-flex-container.fusion-builder-row-1{ padding-top : 2vw;margin-top : 0px;padding-right : 0px;padding-bottom : 7vw;margin-bottom : 0px;padding-left : 0px;}@media only screen and (max-width:700px) {.fusion-body .fusion-flex-container.fusion-builder-row-1{ padding-top : 0px;padding-right : 12vw;padding-bottom : 12vw;padding-left : 12vw;}}</style></div>
