{"id":2126,"date":"2021-11-15T12:29:17","date_gmt":"2021-11-15T11:29:17","guid":{"rendered":"http:\/\/sensum.waw.pl\/new\/?page_id=2126"},"modified":"2021-11-15T13:25:38","modified_gmt":"2021-11-15T12:25:38","slug":"czytelnia","status":"publish","type":"page","link":"https:\/\/sensum.waw.pl\/index.php\/czytelnia\/","title":{"rendered":"Czytelnia"},"content":{"rendered":"<div class=\"fusion-fullwidth fullwidth-box fusion-builder-row-1 fusion-flex-container nonhundred-percent-fullwidth non-hundred-percent-height-scrolling fusion-animated\" style=\"background-color: rgba(255,255,255,0);background-position: center center;background-repeat: no-repeat;border-width: 0px 0px 0px 0px;border-color:#e2e2e2;border-style:solid;\" data-animationType=\"fadeInUp\" data-animationDuration=\"1.2\" data-animationOffset=\"top-into-view\" ><div class=\"fusion-builder-row fusion-row fusion-flex-align-items-flex-start\" style=\"max-width:1365px;margin-left: calc(-5% \/ 2 );margin-right: calc(-5% \/ 2 );\"><div class=\"fusion-layout-column fusion_builder_column fusion-builder-column-0 fusion_builder_column_1_1 1_1 fusion-flex-column\"><div class=\"fusion-column-wrapper fusion-flex-justify-content-flex-start fusion-content-layout-column\" style=\"background-position:left top;background-blend-mode: overlay;background-repeat:no-repeat;-webkit-background-size:cover;-moz-background-size:cover;-o-background-size:cover;background-size:cover;padding: 0px 0px 0px 0px;\"><style type=\"text\/css\">@media only screen and (max-width:1177px) {.fusion-title.fusion-title-1{margin-top:10px!important; margin-right:0px!important;margin-bottom:15px!important;margin-left:0px!important;}}@media only screen and (max-width:700px) {.fusion-title.fusion-title-1{margin-top:10px!important; margin-right:0px!important;margin-bottom:10px!important; margin-left:0px!important;}}<\/style><div class=\"fusion-title title fusion-title-1 fusion-sep-none fusion-title-text fusion-title-size-two\" style=\"margin-top:10px;margin-right:0px;margin-bottom:15px;margin-left:0px;\"><h2 class=\"title-heading-left\" style=\"margin:0;line-height:1.3em;\">Czytelnia<\/h2><\/div><div class=\"fusion-recent-posts fusion-recent-posts-1 avada-container layout-default layout-columns-3 fusion-recent-posts-infinite\" data-pages=\"3\"><section class=\"fusion-columns columns fusion-columns-3 columns-3\"><article class=\"post fusion-column column col col-lg-4 col-md-4 col-sm-4\"><div class=\"fusion-flexslider fusion-flexslider-loading flexslider flexslider-hover-type-none\"><ul class=\"slides\"><li><a href=\"https:\/\/sensum.waw.pl\/index.php\/2026\/02\/12\/losy-milosci-w-zwiazku\/\" aria-label=\"Losy mi\u0142o\u015bci w zwi\u0105zku\" class=\"hover-type-none\"><img decoding=\"async\" width=\"700\" height=\"441\" src=\"https:\/\/sensum.waw.pl\/wp-content\/uploads\/2026\/02\/Losy-milosci-w-zwiazku-700x441.jpg\" class=\"attachment-recent-posts size-recent-posts lazyload\" alt=\"\" srcset=\"data:image\/svg+xml,%3Csvg%20xmlns%3D%27http%3A%2F%2Fwww.w3.org%2F2000%2Fsvg%27%20width%3D%271912%27%20height%3D%27982%27%20viewBox%3D%270%200%201912%20982%27%3E%3Crect%20width%3D%271912%27%20height%3D%27982%27%20fill-opacity%3D%220%22%2F%3E%3C%2Fsvg%3E\" data-orig-src=\"https:\/\/sensum.waw.pl\/wp-content\/uploads\/2026\/02\/Losy-milosci-w-zwiazku-700x441.jpg\" data-srcset=\"https:\/\/sensum.waw.pl\/wp-content\/uploads\/2026\/02\/Losy-milosci-w-zwiazku-320x202.jpg 320w, https:\/\/sensum.waw.pl\/wp-content\/uploads\/2026\/02\/Losy-milosci-w-zwiazku-700x441.jpg 700w\" data-sizes=\"auto\" \/><\/a><\/li><\/ul><\/div><div class=\"recent-posts-content\"><span class=\"vcard\" style=\"display: none;\"><span class=\"fn\"><a href=\"https:\/\/sensum.waw.pl\/index.php\/author\/admin\/\" title=\"Wpisy od admin\" rel=\"author\">admin<\/a><\/span><\/span><span class=\"updated\" style=\"display:none;\">2026-02-12T14:07:30+01:00<\/span><h4 class=\"entry-title\"><a href=\"https:\/\/sensum.waw.pl\/index.php\/2026\/02\/12\/losy-milosci-w-zwiazku\/\">Losy mi\u0142o\u015bci w zwi\u0105zku<\/a><\/h4><p class=\"meta\"><span class=\"vcard\" style=\"display: none;\"><span class=\"fn\"><a href=\"https:\/\/sensum.waw.pl\/index.php\/author\/admin\/\" title=\"Wpisy od admin\" rel=\"author\">admin<\/a><\/span><\/span><span class=\"updated\" style=\"display:none;\">2026-02-12T14:07:30+01:00<\/span><span>12 lutego 2026<\/span><span class=\"fusion-inline-sep\">|<\/span><\/p><p>Autor: Izabella Janowicz C\u0105pa\u0142a Co dzieje si\u0119 z mi\u0142o\u015bci\u0105? Jak funkcjonuje w zwi\u0105zkach, w parach, a tak\u017ce w relacjach mi\u0119dzy dzie\u0107mi a rodzicami? Rzadko terapeuci stawiaj\u0105 takie [...]<\/p><\/div><\/article><article class=\"post fusion-column column col col-lg-4 col-md-4 col-sm-4\"><div class=\"fusion-flexslider fusion-flexslider-loading flexslider flexslider-hover-type-none\"><ul class=\"slides\"><li><a href=\"https:\/\/sensum.waw.pl\/index.php\/2026\/02\/12\/kto-i-kogo-kocha-w-sobie\/\" aria-label=\"Kto i kogo kocha w sobie?\" class=\"hover-type-none\"><img decoding=\"async\" width=\"700\" height=\"441\" src=\"https:\/\/sensum.waw.pl\/wp-content\/uploads\/2026\/02\/Milosc-do-siebie_JK_ok-1-700x441.jpg\" class=\"attachment-recent-posts size-recent-posts lazyload\" alt=\"\" srcset=\"data:image\/svg+xml,%3Csvg%20xmlns%3D%27http%3A%2F%2Fwww.w3.org%2F2000%2Fsvg%27%20width%3D%272560%27%20height%3D%271142%27%20viewBox%3D%270%200%202560%201142%27%3E%3Crect%20width%3D%272560%27%20height%3D%271142%27%20fill-opacity%3D%220%22%2F%3E%3C%2Fsvg%3E\" data-orig-src=\"https:\/\/sensum.waw.pl\/wp-content\/uploads\/2026\/02\/Milosc-do-siebie_JK_ok-1-700x441.jpg\" data-srcset=\"https:\/\/sensum.waw.pl\/wp-content\/uploads\/2026\/02\/Milosc-do-siebie_JK_ok-1-320x202.jpg 320w, https:\/\/sensum.waw.pl\/wp-content\/uploads\/2026\/02\/Milosc-do-siebie_JK_ok-1-700x441.jpg 700w\" data-sizes=\"auto\" \/><\/a><\/li><\/ul><\/div><div class=\"recent-posts-content\"><span class=\"vcard\" style=\"display: none;\"><span class=\"fn\"><a href=\"https:\/\/sensum.waw.pl\/index.php\/author\/admin\/\" title=\"Wpisy od admin\" rel=\"author\">admin<\/a><\/span><\/span><span class=\"updated\" style=\"display:none;\">2026-02-13T10:06:29+01:00<\/span><h4 class=\"entry-title\"><a href=\"https:\/\/sensum.waw.pl\/index.php\/2026\/02\/12\/kto-i-kogo-kocha-w-sobie\/\">Kto i kogo kocha w sobie?<\/a><\/h4><p class=\"meta\"><span class=\"vcard\" style=\"display: none;\"><span class=\"fn\"><a href=\"https:\/\/sensum.waw.pl\/index.php\/author\/admin\/\" title=\"Wpisy od admin\" rel=\"author\">admin<\/a><\/span><\/span><span class=\"updated\" style=\"display:none;\">2026-02-13T10:06:29+01:00<\/span><span>12 lutego 2026<\/span><span class=\"fusion-inline-sep\">|<\/span><\/p><p>Autor: Joanna Kaczmarek Czy my wiemy, co w\u0142a\u015bciwie znaczy \u201ekocha\u0107 siebie\u201d? Kampania reklamowa jednej z drogerii z okazji Mi\u0119dzynarodowego Dnia Kochania, obchodzonego w przededniu Walentynek zaprasza do [...]<\/p><\/div><\/article><article class=\"post fusion-column column col col-lg-4 col-md-4 col-sm-4\"><div class=\"fusion-flexslider fusion-flexslider-loading flexslider flexslider-hover-type-none\"><ul class=\"slides\"><li><a href=\"https:\/\/sensum.waw.pl\/index.php\/2022\/01\/23\/psychoterapia-narzedziem-rozwoju-osobistego\/\" aria-label=\"Psychoterapia narz\u0119dziem rozwoju osobistego?\" class=\"hover-type-none\"><img decoding=\"async\" width=\"700\" height=\"441\" src=\"https:\/\/sensum.waw.pl\/wp-content\/uploads\/2022\/01\/wonderlane-_rmULTYorYQ-unsplash-700x441.jpg\" class=\"attachment-recent-posts size-recent-posts lazyload\" alt=\"\" srcset=\"data:image\/svg+xml,%3Csvg%20xmlns%3D%27http%3A%2F%2Fwww.w3.org%2F2000%2Fsvg%27%20width%3D%271703%27%20height%3D%272560%27%20viewBox%3D%270%200%201703%202560%27%3E%3Crect%20width%3D%271703%27%20height%3D%272560%27%20fill-opacity%3D%220%22%2F%3E%3C%2Fsvg%3E\" data-orig-src=\"https:\/\/sensum.waw.pl\/wp-content\/uploads\/2022\/01\/wonderlane-_rmULTYorYQ-unsplash-700x441.jpg\" data-srcset=\"https:\/\/sensum.waw.pl\/wp-content\/uploads\/2022\/01\/wonderlane-_rmULTYorYQ-unsplash-320x202.jpg 320w, https:\/\/sensum.waw.pl\/wp-content\/uploads\/2022\/01\/wonderlane-_rmULTYorYQ-unsplash-700x441.jpg 700w\" data-sizes=\"auto\" \/><\/a><\/li><\/ul><\/div><div class=\"recent-posts-content\"><span class=\"vcard\" style=\"display: none;\"><span class=\"fn\"><a href=\"https:\/\/sensum.waw.pl\/index.php\/author\/admin\/\" title=\"Wpisy od admin\" rel=\"author\">admin<\/a><\/span><\/span><span class=\"updated\" style=\"display:none;\">2022-01-23T15:06:58+01:00<\/span><h4 class=\"entry-title\"><a href=\"https:\/\/sensum.waw.pl\/index.php\/2022\/01\/23\/psychoterapia-narzedziem-rozwoju-osobistego\/\">Psychoterapia narz\u0119dziem rozwoju osobistego?<\/a><\/h4><p class=\"meta\"><span class=\"vcard\" style=\"display: none;\"><span class=\"fn\"><a href=\"https:\/\/sensum.waw.pl\/index.php\/author\/admin\/\" title=\"Wpisy od admin\" rel=\"author\">admin<\/a><\/span><\/span><span class=\"updated\" style=\"display:none;\">2022-01-23T15:06:58+01:00<\/span><span>23 stycznia 2022<\/span><span class=\"fusion-inline-sep\">|<\/span><\/p><p>Do gabinetu psychoterapeuty najcz\u0119\u015bciej sprowadza cz\u0142owieka\u00a0cierpienie. Wyra\u017ca\u0107 si\u0119 ono mo\u017ce w przer\u00f3\u017cnych\u00a0objawach, w obszarze prze\u017cy\u0107 lub w b\u00f3lach organizmu, na kt\u00f3re nie ma lekarstwa albo uzasadnienia medycznego. [...]<\/p><\/div><\/article><article class=\"post fusion-column column col col-lg-4 col-md-4 col-sm-4\"><div class=\"fusion-flexslider fusion-flexslider-loading flexslider flexslider-hover-type-none\"><ul class=\"slides\"><li><a href=\"https:\/\/sensum.waw.pl\/index.php\/2022\/01\/23\/psychoterapia-jest-kosztowna\/\" aria-label=\"Psychoterapia jest kosztowna?\" class=\"hover-type-none\"><img decoding=\"async\" width=\"700\" height=\"441\" src=\"https:\/\/sensum.waw.pl\/wp-content\/uploads\/2022\/01\/rosie-sun-rTwhmFSoXC8-unsplash-700x441.jpg\" class=\"attachment-recent-posts size-recent-posts lazyload\" alt=\"\" srcset=\"data:image\/svg+xml,%3Csvg%20xmlns%3D%27http%3A%2F%2Fwww.w3.org%2F2000%2Fsvg%27%20width%3D%272560%27%20height%3D%271707%27%20viewBox%3D%270%200%202560%201707%27%3E%3Crect%20width%3D%272560%27%20height%3D%271707%27%20fill-opacity%3D%220%22%2F%3E%3C%2Fsvg%3E\" data-orig-src=\"https:\/\/sensum.waw.pl\/wp-content\/uploads\/2022\/01\/rosie-sun-rTwhmFSoXC8-unsplash-700x441.jpg\" data-srcset=\"https:\/\/sensum.waw.pl\/wp-content\/uploads\/2022\/01\/rosie-sun-rTwhmFSoXC8-unsplash-320x202.jpg 320w, https:\/\/sensum.waw.pl\/wp-content\/uploads\/2022\/01\/rosie-sun-rTwhmFSoXC8-unsplash-700x441.jpg 700w\" data-sizes=\"auto\" \/><\/a><\/li><\/ul><\/div><div class=\"recent-posts-content\"><span class=\"vcard\" style=\"display: none;\"><span class=\"fn\"><a href=\"https:\/\/sensum.waw.pl\/index.php\/author\/admin\/\" title=\"Wpisy od admin\" rel=\"author\">admin<\/a><\/span><\/span><span class=\"updated\" style=\"display:none;\">2026-01-20T09:16:37+01:00<\/span><h4 class=\"entry-title\"><a href=\"https:\/\/sensum.waw.pl\/index.php\/2022\/01\/23\/psychoterapia-jest-kosztowna\/\">Psychoterapia jest kosztowna?<\/a><\/h4><p class=\"meta\"><span class=\"vcard\" style=\"display: none;\"><span class=\"fn\"><a href=\"https:\/\/sensum.waw.pl\/index.php\/author\/admin\/\" title=\"Wpisy od admin\" rel=\"author\">admin<\/a><\/span><\/span><span class=\"updated\" style=\"display:none;\">2026-01-20T09:16:37+01:00<\/span><span>23 stycznia 2022<\/span><span class=\"fusion-inline-sep\">|<\/span><\/p><p>Psychoterapia faktycznie jest kosztowna. W Warszawie miesi\u0119czny koszt prywatnej psychoterapii mo\u017ce waha\u0107 si\u0119 od 400 z\u0142 do 1600 z\u0142. W zale\u017cno\u015bci od podej\u015bcia terapeutycznego, w kt\u00f3rym pracuje [...]<\/p><\/div><\/article><article class=\"post fusion-column column col col-lg-4 col-md-4 col-sm-4\"><div class=\"fusion-flexslider fusion-flexslider-loading flexslider flexslider-hover-type-none\"><ul class=\"slides\"><li><a href=\"https:\/\/sensum.waw.pl\/index.php\/2022\/01\/23\/psychologowie-to-ludzie-ktorzy-sami-maja-problemy\/\" aria-label=\"Psychologowie to ludzie, kt\u00f3rzy sami maj\u0105 problemy?\" class=\"hover-type-none\"><img decoding=\"async\" width=\"700\" height=\"441\" src=\"https:\/\/sensum.waw.pl\/wp-content\/uploads\/2022\/01\/becca-tapert-dO3qTKxwik0-unsplash-700x441.jpg\" class=\"attachment-recent-posts size-recent-posts lazyload\" alt=\"\" srcset=\"data:image\/svg+xml,%3Csvg%20xmlns%3D%27http%3A%2F%2Fwww.w3.org%2F2000%2Fsvg%27%20width%3D%271707%27%20height%3D%272560%27%20viewBox%3D%270%200%201707%202560%27%3E%3Crect%20width%3D%271707%27%20height%3D%272560%27%20fill-opacity%3D%220%22%2F%3E%3C%2Fsvg%3E\" data-orig-src=\"https:\/\/sensum.waw.pl\/wp-content\/uploads\/2022\/01\/becca-tapert-dO3qTKxwik0-unsplash-700x441.jpg\" data-srcset=\"https:\/\/sensum.waw.pl\/wp-content\/uploads\/2022\/01\/becca-tapert-dO3qTKxwik0-unsplash-320x202.jpg 320w, https:\/\/sensum.waw.pl\/wp-content\/uploads\/2022\/01\/becca-tapert-dO3qTKxwik0-unsplash-700x441.jpg 700w\" data-sizes=\"auto\" \/><\/a><\/li><\/ul><\/div><div class=\"recent-posts-content\"><span class=\"vcard\" style=\"display: none;\"><span class=\"fn\"><a href=\"https:\/\/sensum.waw.pl\/index.php\/author\/admin\/\" title=\"Wpisy od admin\" rel=\"author\">admin<\/a><\/span><\/span><span class=\"updated\" style=\"display:none;\">2022-01-23T15:04:24+01:00<\/span><h4 class=\"entry-title\"><a href=\"https:\/\/sensum.waw.pl\/index.php\/2022\/01\/23\/psychologowie-to-ludzie-ktorzy-sami-maja-problemy\/\">Psychologowie to ludzie, kt\u00f3rzy sami maj\u0105 problemy?<\/a><\/h4><p class=\"meta\"><span class=\"vcard\" style=\"display: none;\"><span class=\"fn\"><a href=\"https:\/\/sensum.waw.pl\/index.php\/author\/admin\/\" title=\"Wpisy od admin\" rel=\"author\">admin<\/a><\/span><\/span><span class=\"updated\" style=\"display:none;\">2022-01-23T15:04:24+01:00<\/span><span>23 stycznia 2022<\/span><span class=\"fusion-inline-sep\">|<\/span><\/p><p>To prawda. Psychologowie czy psychoterapeuci - jak wszyscy - s\u0105 lud\u017ami, z w\u0142a\u015bciw\u0105 ludziom wra\u017cliwo\u015bci\u0105, s\u0142abo\u015bciami, ograniczeniami, trudno\u015bciami. Tak\u017ce cz\u0119sto z trudn\u0105 przesz\u0142o\u015bci\u0105, bo w\u0142a\u015bnie ta trudna [...]<\/p><\/div><\/article><article class=\"post fusion-column column col col-lg-4 col-md-4 col-sm-4\"><div class=\"fusion-flexslider fusion-flexslider-loading flexslider flexslider-hover-type-none\"><ul class=\"slides\"><li><a href=\"https:\/\/sensum.waw.pl\/index.php\/2022\/01\/23\/pomoc-psychologiczna-w-sytuacji-kryzysu-zyciowego\/\" aria-label=\"Pomoc psychologiczna w sytuacji kryzysu \u017cyciowego.\" class=\"hover-type-none\"><img decoding=\"async\" width=\"700\" height=\"441\" src=\"https:\/\/sensum.waw.pl\/wp-content\/uploads\/2022\/01\/luis-galvez-I8gQVrDcXzY-unsplash-700x441.jpg\" class=\"attachment-recent-posts size-recent-posts lazyload\" alt=\"\" srcset=\"data:image\/svg+xml,%3Csvg%20xmlns%3D%27http%3A%2F%2Fwww.w3.org%2F2000%2Fsvg%27%20width%3D%271866%27%20height%3D%272205%27%20viewBox%3D%270%200%201866%202205%27%3E%3Crect%20width%3D%271866%27%20height%3D%272205%27%20fill-opacity%3D%220%22%2F%3E%3C%2Fsvg%3E\" data-orig-src=\"https:\/\/sensum.waw.pl\/wp-content\/uploads\/2022\/01\/luis-galvez-I8gQVrDcXzY-unsplash-700x441.jpg\" data-srcset=\"https:\/\/sensum.waw.pl\/wp-content\/uploads\/2022\/01\/luis-galvez-I8gQVrDcXzY-unsplash-320x202.jpg 320w, https:\/\/sensum.waw.pl\/wp-content\/uploads\/2022\/01\/luis-galvez-I8gQVrDcXzY-unsplash-700x441.jpg 700w\" data-sizes=\"auto\" \/><\/a><\/li><\/ul><\/div><div class=\"recent-posts-content\"><span class=\"vcard\" style=\"display: none;\"><span class=\"fn\"><a href=\"https:\/\/sensum.waw.pl\/index.php\/author\/admin\/\" title=\"Wpisy od admin\" rel=\"author\">admin<\/a><\/span><\/span><span class=\"updated\" style=\"display:none;\">2022-01-23T15:02:48+01:00<\/span><h4 class=\"entry-title\"><a href=\"https:\/\/sensum.waw.pl\/index.php\/2022\/01\/23\/pomoc-psychologiczna-w-sytuacji-kryzysu-zyciowego\/\">Pomoc psychologiczna w sytuacji kryzysu \u017cyciowego.<\/a><\/h4><p class=\"meta\"><span class=\"vcard\" style=\"display: none;\"><span class=\"fn\"><a href=\"https:\/\/sensum.waw.pl\/index.php\/author\/admin\/\" title=\"Wpisy od admin\" rel=\"author\">admin<\/a><\/span><\/span><span class=\"updated\" style=\"display:none;\">2022-01-23T15:02:48+01:00<\/span><span>23 stycznia 2022<\/span><span class=\"fusion-inline-sep\">|<\/span><\/p><p>\u017bycie przynosi r\u00f3\u017cne nieoczekiwane sytuacje, to oczywiste. Od naszych umiej\u0119tno\u015bci zale\u017cy jak szybko uporamy si\u0119 z problemem i jak problem ten odbije si\u0119 na naszym samopoczuciu i [...]<\/p><\/div><\/article><\/section><div class=\"fusion-infinite-scroll-trigger\"><\/div><div class=\"pagination infinite-scroll clearfix\" style=\"display:none;\"><span class=\"current\">1<\/span><a href=\"https:\/\/sensum.waw.pl\/index.php\/wp-json\/wp\/v2\/pages\/2126\/page\/2\/\" class=\"inactive\">2<\/a><a class=\"pagination-next\" rel=\"next\" href=\"https:\/\/sensum.waw.pl\/index.php\/wp-json\/wp\/v2\/pages\/2126\/page\/2\/\"><span class=\"page-text\">Kolejny<\/span><span class=\"page-next\"><\/span><\/a><\/div><div class=\"fusion-clearfix\"><\/div><\/div><\/div><style type=\"text\/css\">.fusion-body .fusion-builder-column-0{width:100% !important;margin-top : 0px;margin-bottom : 0px;}.fusion-builder-column-0 > .fusion-column-wrapper {padding-top : 0px !important;padding-right : 0px !important;margin-right : 1.9%;padding-bottom : 0px !important;padding-left : 0px !important;margin-left : 2.375%;}@media only screen and (max-width:1177px) {.fusion-body .fusion-builder-column-0{width:100% !important;}.fusion-builder-column-0 > .fusion-column-wrapper {margin-right : 1.9%;margin-left : 2.375%;}}@media only screen and (max-width:700px) {.fusion-body .fusion-builder-column-0{width:100% !important;}.fusion-builder-column-0 > .fusion-column-wrapper {margin-right : 2.375%;margin-left : 2.375%;}}<\/style><\/div><\/div><style type=\"text\/css\">.fusion-body .fusion-flex-container.fusion-builder-row-1{ padding-top : 2vw;margin-top : 0px;padding-right : 0px;padding-bottom : 7vw;margin-bottom : 0px;padding-left : 0px;}@media only screen and (max-width:700px) {.fusion-body .fusion-flex-container.fusion-builder-row-1{ padding-top : 0px;padding-right : 12vw;padding-bottom : 12vw;padding-left : 12vw;}}<\/style><\/div>\n","protected":false},"excerpt":{"rendered":"","protected":false},"author":1,"featured_media":2128,"parent":0,"menu_order":0,"comment_status":"closed","ping_status":"closed","template":"100-width.php","meta":{"footnotes":""},"class_list":["post-2126","page","type-page","status-publish","has-post-thumbnail","hentry"],"_links":{"self":[{"href":"https:\/\/sensum.waw.pl\/index.php\/wp-json\/wp\/v2\/pages\/2126","targetHints":{"allow":["GET"]}}],"collection":[{"href":"https:\/\/sensum.waw.pl\/index.php\/wp-json\/wp\/v2\/pages"}],"about":[{"href":"https:\/\/sensum.waw.pl\/index.php\/wp-json\/wp\/v2\/types\/page"}],"author":[{"embeddable":true,"href":"https:\/\/sensum.waw.pl\/index.php\/wp-json\/wp\/v2\/users\/1"}],"replies":[{"embeddable":true,"href":"https:\/\/sensum.waw.pl\/index.php\/wp-json\/wp\/v2\/comments?post=2126"}],"version-history":[{"count":7,"href":"https:\/\/sensum.waw.pl\/index.php\/wp-json\/wp\/v2\/pages\/2126\/revisions"}],"predecessor-version":[{"id":2144,"href":"https:\/\/sensum.waw.pl\/index.php\/wp-json\/wp\/v2\/pages\/2126\/revisions\/2144"}],"wp:featuredmedia":[{"embeddable":true,"href":"https:\/\/sensum.waw.pl\/index.php\/wp-json\/wp\/v2\/media\/2128"}],"wp:attachment":[{"href":"https:\/\/sensum.waw.pl\/index.php\/wp-json\/wp\/v2\/media?parent=2126"}],"curies":[{"name":"wp","href":"https:\/\/api.w.org\/{rel}","templated":true}]}}